--- MR_CLASSIFICATION_SCHEME
INSERT INTO mr_classification_scheme (mr_classification_scheme_id, mr_title, mr_description, mr_full_classification_code) VALUES (1282728526530, 'First one', 'First classification scheme to be created', 'CS001');
INSERT INTO mr_classification_scheme (mr_classification_scheme_id, mr_title, mr_description, mr_full_classification_code) VALUES (1282816894890, 'Second one', 'Just one second', 'CS002');
INSERT INTO mr_classification_scheme (mr_classification_scheme_id, mr_title, mr_description, mr_full_classification_code) VALUES (1282817600600, 'CS3', 'CS3 desc', 'CS003');
INSERT INTO mr_classification_scheme (mr_classification_scheme_id, mr_title, mr_description, mr_full_classification_code) VALUES (1282835979980, 'CS4', 'CS4 desc', 'CS004');

--- MR_AGGREGATION
INSERT INTO mr_aggregation (mr_aggregation_id, mr_title, mr_creation_date, mr_full_classification_code, mr_classification_code, mr_description, parent_mr_aggregation_id, level_number, is_filled_with_records, can_have_records, parent_mr_classification_scheme_id) VALUES (1281357402, 'Support Functions', '2010-08-09 14:36:00', 'CS001/001', '001', 'MoReq2 Test Data Repository', 1282728526530, 1, false, true, 1282728526530);
INSERT INTO mr_aggregation (mr_aggregation_id, mr_title, mr_creation_date, mr_full_classification_code, mr_classification_code, mr_description, parent_mr_aggregation_id, level_number, is_filled_with_records, can_have_records, parent_mr_classification_scheme_id) VALUES (1281357647, 'Support Functions', '2010-08-09 14:40:00', 'CS001/002', '002', 'MoReq2 Test Data Repository', 1282728526530, 1, false, true, 1282728526530);
INSERT INTO mr_aggregation (mr_aggregation_id, mr_title, mr_creation_date, mr_full_classification_code, mr_classification_code, mr_description, parent_mr_aggregation_id, level_number, is_filled_with_records, can_have_records, parent_mr_classification_scheme_id) VALUES (1281452993, 'Third root aggregation', '2010-08-10 17:09:00', 'CS001/003', '003', 'As it is written, also for tests', 1282728526530, 1, false, false, 1282728526530);
INSERT INTO mr_aggregation (mr_aggregation_id, mr_title, mr_creation_date, mr_full_classification_code, mr_classification_code, mr_description, parent_mr_aggregation_id, level_number, is_filled_with_records, can_have_records, parent_mr_classification_scheme_id) VALUES (1282653488860, '4th', '2010-08-24 14:38:00', 'CS001/004', '004', '4th root aggregation', 1282728526530, 1, false, false, 1282728526530);
INSERT INTO mr_aggregation (mr_aggregation_id, mr_title, mr_creation_date, mr_full_classification_code, mr_classification_code, mr_description, parent_mr_aggregation_id, level_number, is_filled_with_records, can_have_records, parent_mr_classification_scheme_id) VALUES (1282836056440, 'First of fourth', '2010-08-26 17:20:00', 'CS004/001', '001', 'First aggregation of fourth scheme', 1282835979980, 1, false, true, 1282835979980);
INSERT INTO mr_aggregation (mr_aggregation_id, mr_title, mr_creation_date, mr_full_classification_code, mr_classification_code, mr_description, parent_mr_aggregation_id, level_number, is_filled_with_records, can_have_records, parent_mr_classification_scheme_id) VALUES (1282835518460, 'First of second', '2010-08-26 17:11:00', 'CS002/001', '001', 'First aggregation of second scheme', 1282816894890, 1, false, true, 1282816894890);
INSERT INTO mr_aggregation (mr_aggregation_id, mr_title, mr_creation_date, mr_full_classification_code, mr_classification_code, mr_description, parent_mr_aggregation_id, level_number, is_filled_with_records, can_have_records, parent_mr_classification_scheme_id) VALUES (1282836167400, 'Second of fourth', '2010-08-26 17:22:00', 'CS004/001', '001', 'Second aggregation of fourth scheme', 1282835979980, 1, false, true, 1282835979980);
INSERT INTO mr_aggregation (mr_aggregation_id, mr_title, mr_creation_date, mr_full_classification_code, mr_classification_code, mr_description, parent_mr_aggregation_id, level_number, is_filled_with_records, can_have_records, parent_mr_classification_scheme_id) VALUES (1282841471560, 'CS2.1.1 mod', '2010-08-26 18:51:00', 'CS002/001/001', '001', 'Desc CS2.1.1 mod', 1282835518460, 2, true, true, 1282816894890);
INSERT INTO mr_aggregation (mr_aggregation_id, mr_title, mr_creation_date, mr_full_classification_code, mr_classification_code, mr_description, parent_mr_aggregation_id, level_number, is_filled_with_records, can_have_records, parent_mr_classification_scheme_id) VALUES (1282835568460, 'Second of second', '2010-08-26 17:12:00', '/001', '001', 'Second aggregation of second scheme', 1282816894890, 1, false, true, 1282816894890);
INSERT INTO mr_aggregation (mr_aggregation_id, mr_title, mr_creation_date, mr_full_classification_code, mr_classification_code, mr_description, parent_mr_aggregation_id, level_number, is_filled_with_records, can_have_records, parent_mr_classification_scheme_id) VALUES (1281357498, 'Human Resources', '2010-08-09 14:38:00', 'CS001/001/002', '002', 'MoReq2 Test Data Repository', 1281357402, 2, false, true, 1282728526530);
INSERT INTO mr_aggregation (mr_aggregation_id, mr_title, mr_creation_date, mr_full_classification_code, mr_classification_code, mr_description, parent_mr_aggregation_id, level_number, is_filled_with_records, can_have_records, parent_mr_classification_scheme_id) VALUES (1281357535, 'Workforce Planning', '2010-08-09 14:38:00', 'CS001/001/002/001/001', '001', 'MoReq2 Test Data Repository', 1281357518, 4, false, true, 1282728526530);
INSERT INTO mr_aggregation (mr_aggregation_id, mr_title, mr_creation_date, mr_full_classification_code, mr_classification_code, mr_description, parent_mr_aggregation_id, level_number, is_filled_with_records, can_have_records, parent_mr_classification_scheme_id) VALUES (1281357570, 'Performance Management', '2010-08-09 14:39:00', 'CS001/001/002/001/002', '002', 'MoReq2 Test Data Repository', 1281357518, 4, false, true, 1282728526530);
INSERT INTO mr_aggregation (mr_aggregation_id, mr_title, mr_creation_date, mr_full_classification_code, mr_classification_code, mr_description, parent_mr_aggregation_id, level_number, is_filled_with_records, can_have_records, parent_mr_classification_scheme_id) VALUES (1281357631, 'Employment Agencies', '2010-08-09 14:40:00', 'CS001/001/002/001/003', '003', 'MoReq2 Test Data Repository', 1281357518, 4, false, true, 1282728526530);
INSERT INTO mr_aggregation (mr_aggregation_id, mr_title, mr_creation_date, mr_full_classification_code, mr_classification_code, mr_description, parent_mr_aggregation_id, level_number, is_filled_with_records, can_have_records, parent_mr_classification_scheme_id) VALUES (1281357518, 'Resources', '2010-08-09 14:38:00', 'CS001/001/002/001', '001', 'MoReq2 Test Data Repository', 1281357498, 3, false, true, 1282728526530);
INSERT INTO mr_aggregation (mr_aggregation_id, mr_title, mr_creation_date, mr_full_classification_code, mr_classification_code, mr_description, parent_mr_aggregation_id, level_number, is_filled_with_records, can_have_records, parent_mr_classification_scheme_id) VALUES (1281357474, 'Corporate Communication', '2010-08-09 14:37:00', 'CS001/001/001', '001', 'MoReq2 Test Data Repository', 1281357402, 2, false, true, 1282728526530);
INSERT INTO mr_aggregation (mr_aggregation_id, mr_title, mr_creation_date, mr_full_classification_code, mr_classification_code, mr_description, parent_mr_aggregation_id, level_number, is_filled_with_records, can_have_records, parent_mr_classification_scheme_id) VALUES (1281452135, 'Has been modified again', '2010-08-10 16:55:00', 'CS001/001/001/002', '002', 'Also in the description', 1281357474, 3, false, true, 1282728526530);
INSERT INTO mr_aggregation (mr_aggregation_id, mr_title, mr_creation_date, mr_full_classification_code, mr_classification_code, mr_description, parent_mr_aggregation_id, level_number, is_filled_with_records, can_have_records, parent_mr_classification_scheme_id) VALUES (1282060064820, 'Another one viewed by Parker', '2010-08-17 17:47:00', 'CS001/003/002', '002', 'Everything in the title', 1281452993, 2, false, true, 1282728526530);
INSERT INTO mr_aggregation (mr_aggregation_id, mr_title, mr_creation_date, mr_full_classification_code, mr_classification_code, mr_description, parent_mr_aggregation_id, level_number, is_filled_with_records, can_have_records, parent_mr_classification_scheme_id) VALUES (1282653869050, '4.1', '2010-08-24 14:44:00', 'CS001/004/001', '001', '4.1 desc', 1282653488860, 2, false, false, 1282728526530);
INSERT INTO mr_aggregation (mr_aggregation_id, mr_title, mr_creation_date, mr_full_classification_code, mr_classification_code, mr_description, parent_mr_aggregation_id, level_number, is_filled_with_records, can_have_records, parent_mr_classification_scheme_id) VALUES (1282653900140, '4.3', '2010-08-24 14:45:00', 'CS001/004/003', '003', '4.3 desc', 1282653488860, 2, false, false, 1282728526530);
INSERT INTO mr_aggregation (mr_aggregation_id, mr_title, mr_creation_date, mr_full_classification_code, mr_classification_code, mr_description, parent_mr_aggregation_id, level_number, is_filled_with_records, can_have_records, parent_mr_classification_scheme_id) VALUES (1282654022980, '4.1.1', '2010-08-24 14:47:00', 'CS001/004/001/001', '001', '4.1.1 desc', 1282653869050, 3, false, false, 1282728526530);
INSERT INTO mr_aggregation (mr_aggregation_id, mr_title, mr_creation_date, mr_full_classification_code, mr_classification_code, mr_description, parent_mr_aggregation_id, level_number, is_filled_with_records, can_have_records, parent_mr_classification_scheme_id) VALUES (1282654168150, '4.1.1.a', '2010-08-24 14:49:00', 'CS001/004/001/001/001', '001', '4.1.1.a desc', 1282654022980, 4, false, true, 1282728526530);
INSERT INTO mr_aggregation (mr_aggregation_id, mr_title, mr_creation_date, mr_full_classification_code, mr_classification_code, mr_description, parent_mr_aggregation_id, level_number, is_filled_with_records, can_have_records, parent_mr_classification_scheme_id) VALUES (1282654221580, '4.1.2.a', '2010-08-24 14:50:00', 'CS001/004/001/002/001', '001', '4.1.2.a desc', 1282654038020, 4, false, true, 1282728526530);
INSERT INTO mr_aggregation (mr_aggregation_id, mr_title, mr_creation_date, mr_full_classification_code, mr_classification_code, mr_description, parent_mr_aggregation_id, level_number, is_filled_with_records, can_have_records, parent_mr_classification_scheme_id) VALUES (1282654038020, '4.1.2', '2010-08-24 14:47:00', 'CS001/004/001/002', '002', '4.1.2 desc', 1282653869050, 3, false, false, 1282728526530);
INSERT INTO mr_aggregation (mr_aggregation_id, mr_title, mr_creation_date, mr_full_classification_code, mr_classification_code, mr_description, parent_mr_aggregation_id, level_number, is_filled_with_records, can_have_records, parent_mr_classification_scheme_id) VALUES (1282654235320, '4.1.2.b', '2010-08-24 14:50:00', 'CS001/004/001/002/002', '002', '4.1.2.b desc', 1282654038020, 4, false, true, 1282728526530);
INSERT INTO mr_aggregation (mr_aggregation_id, mr_title, mr_creation_date, mr_full_classification_code, mr_classification_code, mr_description, parent_mr_aggregation_id, level_number, is_filled_with_records, can_have_records, parent_mr_classification_scheme_id) VALUES (1282654257460, '4.1.3.a', '2010-08-24 14:50:00', 'CS001/004/001/003/001', '001', '4.1.3.a desc', 1282654049430, 4, false, true, 1282728526530);
INSERT INTO mr_aggregation (mr_aggregation_id, mr_title, mr_creation_date, mr_full_classification_code, mr_classification_code, mr_description, parent_mr_aggregation_id, level_number, is_filled_with_records, can_have_records, parent_mr_classification_scheme_id) VALUES (1282654049430, '4.1.3', '2010-08-24 14:47:00', 'CS001/004/001/003', '003', '4.1.3 desc', 1282653869050, 3, false, false, 1282728526530);
INSERT INTO mr_aggregation (mr_aggregation_id, mr_title, mr_creation_date, mr_full_classification_code, mr_classification_code, mr_description, parent_mr_aggregation_id, level_number, is_filled_with_records, can_have_records, parent_mr_classification_scheme_id) VALUES (1282654277980, '4.1.3.b', '2010-08-24 14:51:00', 'CS001/004/001/003/002', '002', '4.1.3.b desc', 1282654049430, 4, false, true, 1282728526530);
INSERT INTO mr_aggregation (mr_aggregation_id, mr_title, mr_creation_date, mr_full_classification_code, mr_classification_code, mr_description, parent_mr_aggregation_id, level_number, is_filled_with_records, can_have_records, parent_mr_classification_scheme_id) VALUES (1282654305480, '4.1.4.a', '2010-08-24 14:51:00', 'CS001/004/001/004/001', '001', '4.1.4.a desc', 1282654060460, 4, false, true, 1282728526530);
INSERT INTO mr_aggregation (mr_aggregation_id, mr_title, mr_creation_date, mr_full_classification_code, mr_classification_code, mr_description, parent_mr_aggregation_id, level_number, is_filled_with_records, can_have_records, parent_mr_classification_scheme_id) VALUES (1282654060460, '4.1.4', '2010-08-24 14:47:00', 'CS001/004/001/004', '004', '4.1.4 desc', 1282653869050, 3, false, false, 1282728526530);
INSERT INTO mr_aggregation (mr_aggregation_id, mr_title, mr_creation_date, mr_full_classification_code, mr_classification_code, mr_description, parent_mr_aggregation_id, level_number, is_filled_with_records, can_have_records, parent_mr_classification_scheme_id) VALUES (1282654317010, '4.1.4.b', '2010-08-24 14:51:00', 'CS001/004/001/004/002', '002', '4.1.4.b desc', 1282654060460, 4, false, true, 1282728526530);
INSERT INTO mr_aggregation (mr_aggregation_id, mr_title, mr_creation_date, mr_full_classification_code, mr_classification_code, mr_description, parent_mr_aggregation_id, level_number, is_filled_with_records, can_have_records, parent_mr_classification_scheme_id) VALUES (1282654343180, '4.1.5.a', '2010-08-24 14:52:00', 'CS001/004/001/005/001', '001', '4.1.5.a desc', 1282654075230, 4, false, true, 1282728526530);
INSERT INTO mr_aggregation (mr_aggregation_id, mr_title, mr_creation_date, mr_full_classification_code, mr_classification_code, mr_description, parent_mr_aggregation_id, level_number, is_filled_with_records, can_have_records, parent_mr_classification_scheme_id) VALUES (1282654075230, '4.1.5', '2010-08-24 14:47:00', 'CS001/004/001/005', '005', '4.1.5 desc', 1282653869050, 3, false, false, 1282728526530);
INSERT INTO mr_aggregation (mr_aggregation_id, mr_title, mr_creation_date, mr_full_classification_code, mr_classification_code, mr_description, parent_mr_aggregation_id, level_number, is_filled_with_records, can_have_records, parent_mr_classification_scheme_id) VALUES (1282654353910, '4.1.5.b', '2010-08-24 14:52:00', 'CS001/004/001/005/002', '002', '4.1.5.b desc', 1282654075230, 4, false, true, 1282728526530);
INSERT INTO mr_aggregation (mr_aggregation_id, mr_title, mr_creation_date, mr_full_classification_code, mr_classification_code, mr_description, parent_mr_aggregation_id, level_number, is_filled_with_records, can_have_records, parent_mr_classification_scheme_id) VALUES (1282654373090, '4.1.6.a', '2010-08-24 14:52:00', 'CS001/004/001/006/001', '001', '4.1.6.a desc', 1282654086010, 4, false, true, 1282728526530);
INSERT INTO mr_aggregation (mr_aggregation_id, mr_title, mr_creation_date, mr_full_classification_code, mr_classification_code, mr_description, parent_mr_aggregation_id, level_number, is_filled_with_records, can_have_records, parent_mr_classification_scheme_id) VALUES (1282654086010, '4.1.6', '2010-08-24 14:48:00', 'CS001/004/001/006', '006', '4.1.6 desc', 1282653869050, 3, false, false, 1282728526530);
INSERT INTO mr_aggregation (mr_aggregation_id, mr_title, mr_creation_date, mr_full_classification_code, mr_classification_code, mr_description, parent_mr_aggregation_id, level_number, is_filled_with_records, can_have_records, parent_mr_classification_scheme_id) VALUES (1282654386310, '4.1.6.b', '2010-08-24 14:53:00', 'CS001/004/001/006/002', '002', '4.1.6.b desc', 1282654086010, 4, false, true, 1282728526530);
INSERT INTO mr_aggregation (mr_aggregation_id, mr_title, mr_creation_date, mr_full_classification_code, mr_classification_code, mr_description, parent_mr_aggregation_id, level_number, is_filled_with_records, can_have_records, parent_mr_classification_scheme_id) VALUES (1282654405110, '4.1.7.a', '2010-08-24 14:53:00', 'CS001/004/001/007/001', '001', '4.1.7.a desc', 1282654099370, 4, false, true, 1282728526530);
INSERT INTO mr_aggregation (mr_aggregation_id, mr_title, mr_creation_date, mr_full_classification_code, mr_classification_code, mr_description, parent_mr_aggregation_id, level_number, is_filled_with_records, can_have_records, parent_mr_classification_scheme_id) VALUES (1282654099370, '4.1.7', '2010-08-24 14:48:00', 'CS001/004/001/007', '007', '4.1.7 desc', 1282653869050, 3, false, false, 1282728526530);
INSERT INTO mr_aggregation (mr_aggregation_id, mr_title, mr_creation_date, mr_full_classification_code, mr_classification_code, mr_description, parent_mr_aggregation_id, level_number, is_filled_with_records, can_have_records, parent_mr_classification_scheme_id) VALUES (1282654419250, '4.1.7.b', '2010-08-24 14:53:00', 'CS001/004/001/007/002', '002', '4.1.7.b desc', 1282654099370, 4, false, true, 1282728526530);
INSERT INTO mr_aggregation (mr_aggregation_id, mr_title, mr_creation_date, mr_full_classification_code, mr_classification_code, mr_description, parent_mr_aggregation_id, level_number, is_filled_with_records, can_have_records, parent_mr_classification_scheme_id) VALUES (1282654181560, '4.1.1.b', '2010-08-24 14:49:00', 'CS001/004/001/001/002', '002', '4.1.1.b desc', 1282654022980, 4, false, false, 1282728526530);
INSERT INTO mr_aggregation (mr_aggregation_id, mr_title, mr_creation_date, mr_full_classification_code, mr_classification_code, mr_description, parent_mr_aggregation_id, level_number, is_filled_with_records, can_have_records, parent_mr_classification_scheme_id) VALUES (1282654126320, '4.1.9', '2010-08-24 14:48:00', 'CS001/004/001/009', '009', '4.1.9 desc', 1282653869050, 3, false, false, 1282728526530);
INSERT INTO mr_aggregation (mr_aggregation_id, mr_title, mr_creation_date, mr_full_classification_code, mr_classification_code, mr_description, parent_mr_aggregation_id, level_number, is_filled_with_records, can_have_records, parent_mr_classification_scheme_id) VALUES (1282654815740, '4.1.9.b', '2010-08-24 15:00:00', 'CS001/004/001/009/002', '002', '4.1.9.b desc', 1282654126320, 4, false, true, 1282728526530);
INSERT INTO mr_aggregation (mr_aggregation_id, mr_title, mr_creation_date, mr_full_classification_code, mr_classification_code, mr_description, parent_mr_aggregation_id, level_number, is_filled_with_records, can_have_records, parent_mr_classification_scheme_id) VALUES (1282654638960, '4.1.8.a', '2010-08-24 14:57:00', 'CS001/004/001/008/001', '001', '4.1.8.a desc', 1282654114730, 4, false, true, 1282728526530);
INSERT INTO mr_aggregation (mr_aggregation_id, mr_title, mr_creation_date, mr_full_classification_code, mr_classification_code, mr_description, parent_mr_aggregation_id, level_number, is_filled_with_records, can_have_records, parent_mr_classification_scheme_id) VALUES (1282654114730, '4.1.8', '2010-08-24 14:48:00', 'CS001/004/001/008', '008', '4.1.8 desc', 1282653869050, 3, false, false, 1282728526530);
INSERT INTO mr_aggregation (mr_aggregation_id, mr_title, mr_creation_date, mr_full_classification_code, mr_classification_code, mr_description, parent_mr_aggregation_id, level_number, is_filled_with_records, can_have_records, parent_mr_classification_scheme_id) VALUES (1282654518530, '4.1.1.b.c', '2010-08-24 14:55:00', 'CS001/004/001/001/002/001', '001', '4.1.1.b.c desc', 1282654181560, 5, false, false, 1282728526530);
INSERT INTO mr_aggregation (mr_aggregation_id, mr_title, mr_creation_date, mr_full_classification_code, mr_classification_code, mr_description, parent_mr_aggregation_id, level_number, is_filled_with_records, can_have_records, parent_mr_classification_scheme_id) VALUES (1282654533410, '4.1.1.b.c.d', '2010-08-24 14:55:00', 'CS001/004/001/001/002/001/001', '001', '4.1.1.b.c.d desc', 1282654518530, 6, false, false, 1282728526530);
INSERT INTO mr_aggregation (mr_aggregation_id, mr_title, mr_creation_date, mr_full_classification_code, mr_classification_code, mr_description, parent_mr_aggregation_id, level_number, is_filled_with_records, can_have_records, parent_mr_classification_scheme_id) VALUES (1282654555450, '4.1.1.b.c.d.e', '2010-08-24 14:55:00', 'CS001/004/001/001/002/001/001/001', '001', '4.1.1.b.c.d.e desc', 1282654533410, 7, false, true, 1282728526530);
INSERT INTO mr_aggregation (mr_aggregation_id, mr_title, mr_creation_date, mr_full_classification_code, mr_classification_code, mr_description, parent_mr_aggregation_id, level_number, is_filled_with_records, can_have_records, parent_mr_classification_scheme_id) VALUES (1282654568900, '4.1.1.b.c.d.f', '2010-08-24 14:56:00', 'CS001/004/001/001/002/001/001/002', '002', '4.1.1.b.c.d.f desc', 1282654533410, 7, false, true, 1282728526530);
INSERT INTO mr_aggregation (mr_aggregation_id, mr_title, mr_creation_date, mr_full_classification_code, mr_classification_code, mr_description, parent_mr_aggregation_id, level_number, is_filled_with_records, can_have_records, parent_mr_classification_scheme_id) VALUES (1282654580930, '4.1.1.b.c.d.g', '2010-08-24 14:56:00', 'CS001/004/001/001/002/001/001/003', '003', '4.1.1.b.c.d.g desc', 1282654533410, 7, false, true, 1282728526530);
INSERT INTO mr_aggregation (mr_aggregation_id, mr_title, mr_creation_date, mr_full_classification_code, mr_classification_code, mr_description, parent_mr_aggregation_id, level_number, is_filled_with_records, can_have_records, parent_mr_classification_scheme_id) VALUES (1282654596170, '4.1.1.b.c.d.h', '2010-08-24 14:56:00', 'CS001/004/001/001/002/001/001/004', '004', '4.1.1.b.c.d.h desc', 1282654533410, 7, false, true, 1282728526530);
INSERT INTO mr_aggregation (mr_aggregation_id, mr_title, mr_creation_date, mr_full_classification_code, mr_classification_code, mr_description, parent_mr_aggregation_id, level_number, is_filled_with_records, can_have_records, parent_mr_classification_scheme_id) VALUES (1282654777880, '4.1.8.b', '2010-08-24 14:59:00', 'CS001/004/001/008/002', '002', '4.1.8.b desc', 1282654114730, 4, false, true, 1282728526530);
INSERT INTO mr_aggregation (mr_aggregation_id, mr_title, mr_creation_date, mr_full_classification_code, mr_classification_code, mr_description, parent_mr_aggregation_id, level_number, is_filled_with_records, can_have_records, parent_mr_classification_scheme_id) VALUES (1282654804080, '4.1.9.a', '2010-08-24 15:00:00', 'CS001/004/001/009/001', '001', '4.1.9.a desc', 1282654126320, 4, false, true, 1282728526530);
INSERT INTO mr_aggregation (mr_aggregation_id, mr_title, mr_creation_date, mr_full_classification_code, mr_classification_code, mr_description, parent_mr_aggregation_id, level_number, is_filled_with_records, can_have_records, parent_mr_classification_scheme_id) VALUES (1282654835060, '4.1.10.a', '2010-08-24 15:00:00', 'CS001/004/001/010/001', '001', '4.1.10.a desc', 1282654137670, 4, false, true, 1282728526530);
INSERT INTO mr_aggregation (mr_aggregation_id, mr_title, mr_creation_date, mr_full_classification_code, mr_classification_code, mr_description, parent_mr_aggregation_id, level_number, is_filled_with_records, can_have_records, parent_mr_classification_scheme_id) VALUES (1282654137670, '4.1.10', '2010-08-24 14:48:00', 'CS001/004/001/010', '010', '4.1.10 desc', 1282653869050, 3, false, false, 1282728526530);
INSERT INTO mr_aggregation (mr_aggregation_id, mr_title, mr_creation_date, mr_full_classification_code, mr_classification_code, mr_description, parent_mr_aggregation_id, level_number, is_filled_with_records, can_have_records, parent_mr_classification_scheme_id) VALUES (1282654846900, '4.1.10.b', '2010-08-24 15:00:00', 'CS001/004/001/010/002', '002', '4.1.10.b desc', 1282654137670, 4, false, true, 1282728526530);
INSERT INTO mr_aggregation (mr_aggregation_id, mr_title, mr_creation_date, mr_full_classification_code, mr_classification_code, mr_description, parent_mr_aggregation_id, level_number, is_filled_with_records, can_have_records, parent_mr_classification_scheme_id) VALUES (1282653885570, '4.2', '2010-08-24 14:44:00', 'CS001/004/002', '002', '4.2 desc', 1282653488860, 2, false, false, 1282728526530);
INSERT INTO mr_aggregation (mr_aggregation_id, mr_title, mr_creation_date, mr_full_classification_code, mr_classification_code, mr_description, parent_mr_aggregation_id, level_number, is_filled_with_records, can_have_records, parent_mr_classification_scheme_id) VALUES (1282654892020, '4.2.2', '2010-08-24 15:01:00', 'CS001/004/002/002', '002', '4.2.2 desc', 1282653885570, 3, false, false, 1282728526530);
INSERT INTO mr_aggregation (mr_aggregation_id, mr_title, mr_creation_date, mr_full_classification_code, mr_classification_code, mr_description, parent_mr_aggregation_id, level_number, is_filled_with_records, can_have_records, parent_mr_classification_scheme_id) VALUES (1282654869500, '4.2.1', '2010-08-24 15:01:00', 'CS001/004/002/001', '001', '4.2.1 desc', 1282653885570, 3, false, false, 1282728526530);
INSERT INTO mr_aggregation (mr_aggregation_id, mr_title, mr_creation_date, mr_full_classification_code, mr_classification_code, mr_description, parent_mr_aggregation_id, level_number, is_filled_with_records, can_have_records, parent_mr_classification_scheme_id) VALUES (1282655477860, '4.2.2.b', '2010-08-24 15:11:00', 'CS001/004/002/002/002', '002', '4.2.2.b desc', 1282654892020, 4, false, false, 1282728526530);
INSERT INTO mr_aggregation (mr_aggregation_id, mr_title, mr_creation_date, mr_full_classification_code, mr_classification_code, mr_description, parent_mr_aggregation_id, level_number, is_filled_with_records, can_have_records, parent_mr_classification_scheme_id) VALUES (1282654901570, '4.2.3', '2010-08-24 15:01:00', 'CS001/004/002/003', '003', '4.2.3 desc', 1282653885570, 3, false, false, 1282728526530);
INSERT INTO mr_aggregation (mr_aggregation_id, mr_title, mr_creation_date, mr_full_classification_code, mr_classification_code, mr_description, parent_mr_aggregation_id, level_number, is_filled_with_records, can_have_records, parent_mr_classification_scheme_id) VALUES (1282654916260, '4.2.4', '2010-08-24 15:01:00', 'CS001/004/002/004', '004', '4.2.4 desc', 1282653885570, 3, false, false, 1282728526530);
INSERT INTO mr_aggregation (mr_aggregation_id, mr_title, mr_creation_date, mr_full_classification_code, mr_classification_code, mr_description, parent_mr_aggregation_id, level_number, is_filled_with_records, can_have_records, parent_mr_classification_scheme_id) VALUES (1282654928160, '4.2.5', '2010-08-24 15:02:00', 'CS001/004/002/005', '005', '4.2.5 desc', 1282653885570, 3, false, false, 1282728526530);
INSERT INTO mr_aggregation (mr_aggregation_id, mr_title, mr_creation_date, mr_full_classification_code, mr_classification_code, mr_description, parent_mr_aggregation_id, level_number, is_filled_with_records, can_have_records, parent_mr_classification_scheme_id) VALUES (1282654939320, '4.2.6', '2010-08-24 15:02:00', 'CS001/004/002/006', '006', '4.2.6 desc', 1282653885570, 3, false, false, 1282728526530);
INSERT INTO mr_aggregation (mr_aggregation_id, mr_title, mr_creation_date, mr_full_classification_code, mr_classification_code, mr_description, parent_mr_aggregation_id, level_number, is_filled_with_records, can_have_records, parent_mr_classification_scheme_id) VALUES (1282654953960, '4.2.7', '2010-08-24 15:02:00', 'CS001/004/002/007', '007', '4.2.7 desc', 1282653885570, 3, false, false, 1282728526530);
INSERT INTO mr_aggregation (mr_aggregation_id, mr_title, mr_creation_date, mr_full_classification_code, mr_classification_code, mr_description, parent_mr_aggregation_id, level_number, is_filled_with_records, can_have_records, parent_mr_classification_scheme_id) VALUES (1282654963760, '4.2.8', '2010-08-24 15:02:00', 'CS001/004/002/008', '008', '4.2.8 desc', 1282653885570, 3, false, false, 1282728526530);
INSERT INTO mr_aggregation (mr_aggregation_id, mr_title, mr_creation_date, mr_full_classification_code, mr_classification_code, mr_description, parent_mr_aggregation_id, level_number, is_filled_with_records, can_have_records, parent_mr_classification_scheme_id) VALUES (1282654974470, '4.2.9', '2010-08-24 15:02:00', 'CS001/004/002/009', '009', '4.2.9 desc', 1282653885570, 3, false, false, 1282728526530);
INSERT INTO mr_aggregation (mr_aggregation_id, mr_title, mr_creation_date, mr_full_classification_code, mr_classification_code, mr_description, parent_mr_aggregation_id, level_number, is_filled_with_records, can_have_records, parent_mr_classification_scheme_id) VALUES (1282654989950, '4.2.10', '2010-08-24 15:03:00', 'CS001/004/002/010', '010', '4.2.10 desc', 1282653885570, 3, false, false, 1282728526530);
INSERT INTO mr_aggregation (mr_aggregation_id, mr_title, mr_creation_date, mr_full_classification_code, mr_classification_code, mr_description, parent_mr_aggregation_id, level_number, is_filled_with_records, can_have_records, parent_mr_classification_scheme_id) VALUES (1282653914380, '4.4', '2010-08-24 14:45:00', 'CS001/004/004', '004', '4.4 desc', 1282653488860, 2, false, false, 1282728526530);
INSERT INTO mr_aggregation (mr_aggregation_id, mr_title, mr_creation_date, mr_full_classification_code, mr_classification_code, mr_description, parent_mr_aggregation_id, level_number, is_filled_with_records, can_have_records, parent_mr_classification_scheme_id) VALUES (1282653928540, '4.5', '2010-08-24 14:45:00', 'CS001/004/005', '005', '4.5 desc', 1282653488860, 2, false, false, 1282728526530);
INSERT INTO mr_aggregation (mr_aggregation_id, mr_title, mr_creation_date, mr_full_classification_code, mr_classification_code, mr_description, parent_mr_aggregation_id, level_number, is_filled_with_records, can_have_records, parent_mr_classification_scheme_id) VALUES (1282653939620, '4.6', '2010-08-24 14:45:00', 'CS001/004/006', '006', '4.6 desc', 1282653488860, 2, false, false, 1282728526530);
INSERT INTO mr_aggregation (mr_aggregation_id, mr_title, mr_creation_date, mr_full_classification_code, mr_classification_code, mr_description, parent_mr_aggregation_id, level_number, is_filled_with_records, can_have_records, parent_mr_classification_scheme_id) VALUES (1282653952390, '4.7', '2010-08-24 14:45:00', 'CS001/004/007', '007', '4.7 desc', 1282653488860, 2, false, false, 1282728526530);
INSERT INTO mr_aggregation (mr_aggregation_id, mr_title, mr_creation_date, mr_full_classification_code, mr_classification_code, mr_description, parent_mr_aggregation_id, level_number, is_filled_with_records, can_have_records, parent_mr_classification_scheme_id) VALUES (1282653965030, '4.8', '2010-08-24 14:46:00', 'CS001/004/008', '008', '4.8 desc', 1282653488860, 2, false, false, 1282728526530);
INSERT INTO mr_aggregation (mr_aggregation_id, mr_title, mr_creation_date, mr_full_classification_code, mr_classification_code, mr_description, parent_mr_aggregation_id, level_number, is_filled_with_records, can_have_records, parent_mr_classification_scheme_id) VALUES (1282653982580, '4.9', '2010-08-24 14:46:00', 'CS001/004/009', '009', '4.9 desc', 1282653488860, 2, false, false, 1282728526530);
INSERT INTO mr_aggregation (mr_aggregation_id, mr_title, mr_creation_date, mr_full_classification_code, mr_classification_code, mr_description, parent_mr_aggregation_id, level_number, is_filled_with_records, can_have_records, parent_mr_classification_scheme_id) VALUES (1281452060, 'First to be modified', '2010-08-10 16:54:00', 'CS001/001/001/001', '001', 'First description modified', 1281357474, 3, false, true, 1282728526530);
INSERT INTO mr_aggregation (mr_aggregation_id, mr_title, mr_creation_date, mr_full_classification_code, mr_classification_code, mr_description, parent_mr_aggregation_id, level_number, is_filled_with_records, can_have_records, parent_mr_classification_scheme_id) VALUES (1281529899, 'Viewed only by Parker Peter', '2010-08-11 14:31:00', 'CS001/003/001', '001', 'Aggregation not be viewed by bblier', 1281452993, 2, true, true, 1282728526530);
INSERT INTO mr_aggregation (mr_aggregation_id, mr_title, mr_creation_date, mr_full_classification_code, mr_classification_code, mr_description, parent_mr_aggregation_id, level_number, is_filled_with_records, can_have_records, parent_mr_classification_scheme_id) VALUES (1281625277, 'New one modified', '2010-08-12 17:01:00', 'CS001/001/001/001/001', '001', 'New test modified', 1281452060, 4, true, true, 1282728526530);
INSERT INTO mr_aggregation (mr_aggregation_id, mr_title, mr_creation_date, mr_full_classification_code, mr_classification_code, mr_description, parent_mr_aggregation_id, level_number, is_filled_with_records, can_have_records, parent_mr_classification_scheme_id) VALUES (1282573851140, 'Div', '2010-08-23 16:30:00', 'CS001/003/003', '003', 'Div desc', 1281452993, 2, false, true, 1282728526530);
INSERT INTO mr_aggregation (mr_aggregation_id, mr_title, mr_creation_date, mr_full_classification_code, mr_classification_code, mr_description, parent_mr_aggregation_id, level_number, is_filled_with_records, can_have_records, parent_mr_classification_scheme_id) VALUES (1282653998250, '4.10', '2010-08-24 14:46:00', 'CS001/004/010', '010', '4.10 desc', 1282653488860, 2, false, false, 1282728526530);
INSERT INTO mr_aggregation (mr_aggregation_id, mr_title, mr_creation_date, mr_full_classification_code, mr_classification_code, mr_description, parent_mr_aggregation_id, level_number, is_filled_with_records, can_have_records, parent_mr_classification_scheme_id) VALUES (1282655022730, '4.2.2.a', '2010-08-24 15:03:00', 'CS001/004/002/002/001', '001', '4.2.2.b desc', 1282654892020, 4, false, true, 1282728526530);
INSERT INTO mr_aggregation (mr_aggregation_id, mr_title, mr_creation_date, mr_full_classification_code, mr_classification_code, mr_description, parent_mr_aggregation_id, level_number, is_filled_with_records, can_have_records, parent_mr_classification_scheme_id) VALUES (1282656896440, '4.2.2.b.c', '2010-08-24 15:34:00', 'CS001/004/002/002/002/001', '001', '4.2.2.b.c desc', 1282655477860, 5, false, false, 1282728526530);
INSERT INTO mr_aggregation (mr_aggregation_id, mr_title, mr_creation_date, mr_full_classification_code, mr_classification_code, mr_description, parent_mr_aggregation_id, level_number, is_filled_with_records, can_have_records, parent_mr_classification_scheme_id) VALUES (1282657258610, '4.2.2.b.c.d', '2010-08-24 15:40:00', 'CS001/004/002/002/002/001/001', '001', '4.2.2.b.c.d desc', 1282656896440, 6, false, false, 1282728526530);
INSERT INTO mr_aggregation (mr_aggregation_id, mr_title, mr_creation_date, mr_full_classification_code, mr_classification_code, mr_description, parent_mr_aggregation_id, level_number, is_filled_with_records, can_have_records, parent_mr_classification_scheme_id) VALUES (1282657291710, '4.2.2.b.c.d.f', '2010-08-24 15:41:00', 'CS001/004/002/002/002/001/001/002', '002', '4.2.2.b.c.d.f desc', 1282657258610, 7, false, true, 1282728526530);
INSERT INTO mr_aggregation (mr_aggregation_id, mr_title, mr_creation_date, mr_full_classification_code, mr_classification_code, mr_description, parent_mr_aggregation_id, level_number, is_filled_with_records, can_have_records, parent_mr_classification_scheme_id) VALUES (1282657301750, '4.2.2.b.c.d.g', '2010-08-24 15:41:00', 'CS001/004/002/002/002/001/001/003', '003', '4.2.2.b.c.d.g desc', 1282657258610, 7, false, true, 1282728526530);
INSERT INTO mr_aggregation (mr_aggregation_id, mr_title, mr_creation_date, mr_full_classification_code, mr_classification_code, mr_description, parent_mr_aggregation_id, level_number, is_filled_with_records, can_have_records, parent_mr_classification_scheme_id) VALUES (1282657315340, '4.2.2.b.c.d.h', '2010-08-24 15:41:00', 'CS001/004/002/002/002/001/001/004', '004', '4.2.2.b.c.d.h desc', 1282657258610, 7, false, true, 1282728526530);
INSERT INTO mr_aggregation (mr_aggregation_id, mr_title, mr_creation_date, mr_full_classification_code, mr_classification_code, mr_description, parent_mr_aggregation_id, level_number, is_filled_with_records, can_have_records, parent_mr_classification_scheme_id) VALUES (1282657342840, '4.2.1.a', '2010-08-24 15:42:00', 'CS001/004/002/001/001', '001', '4.2.1.a desc', 1282654869500, 4, false, true, 1282728526530);
INSERT INTO mr_aggregation (mr_aggregation_id, mr_title, mr_creation_date, mr_full_classification_code, mr_classification_code, mr_description, parent_mr_aggregation_id, level_number, is_filled_with_records, can_have_records, parent_mr_classification_scheme_id) VALUES (1282657356930, '4.2.1.b', '2010-08-24 15:42:00', 'CS001/004/002/001/002', '002', '4.2.1.b desc', 1282654869500, 4, false, true, 1282728526530);
INSERT INTO mr_aggregation (mr_aggregation_id, mr_title, mr_creation_date, mr_full_classification_code, mr_classification_code, mr_description, parent_mr_aggregation_id, level_number, is_filled_with_records, can_have_records, parent_mr_classification_scheme_id) VALUES (1282657399510, '4.2.3.a', '2010-08-24 15:43:00', 'CS001/004/002/003/001', '001', '4.2.3.a desc', 1282654901570, 4, false, true, 1282728526530);
INSERT INTO mr_aggregation (mr_aggregation_id, mr_title, mr_creation_date, mr_full_classification_code, mr_classification_code, mr_description, parent_mr_aggregation_id, level_number, is_filled_with_records, can_have_records, parent_mr_classification_scheme_id) VALUES (1282657411720, '4.2.3.b', '2010-08-24 15:43:00', 'CS001/004/002/003/002', '002', '4.2.3.b desc', 1282654901570, 4, false, true, 1282728526530);
INSERT INTO mr_aggregation (mr_aggregation_id, mr_title, mr_creation_date, mr_full_classification_code, mr_classification_code, mr_description, parent_mr_aggregation_id, level_number, is_filled_with_records, can_have_records, parent_mr_classification_scheme_id) VALUES (1282657436730, '4.2.4.a', '2010-08-24 15:43:00', 'CS001/004/002/004/001', '001', '4.2.4.a desc', 1282654916260, 4, false, true, 1282728526530);
INSERT INTO mr_aggregation (mr_aggregation_id, mr_title, mr_creation_date, mr_full_classification_code, mr_classification_code, mr_description, parent_mr_aggregation_id, level_number, is_filled_with_records, can_have_records, parent_mr_classification_scheme_id) VALUES (1282657446380, '4.2.4.b', '2010-08-24 15:44:00', 'CS001/004/002/004/002', '002', '4.2.4.b desc', 1282654916260, 4, false, true, 1282728526530);
INSERT INTO mr_aggregation (mr_aggregation_id, mr_title, mr_creation_date, mr_full_classification_code, mr_classification_code, mr_description, parent_mr_aggregation_id, level_number, is_filled_with_records, can_have_records, parent_mr_classification_scheme_id) VALUES (1282657475430, '4.2.5.a', '2010-08-24 15:44:00', 'CS001/004/002/005/001', '001', '4.2.5.a desc', 1282654928160, 4, false, true, 1282728526530);
INSERT INTO mr_aggregation (mr_aggregation_id, mr_title, mr_creation_date, mr_full_classification_code, mr_classification_code, mr_description, parent_mr_aggregation_id, level_number, is_filled_with_records, can_have_records, parent_mr_classification_scheme_id) VALUES (1282657485500, '4.2.5.b', '2010-08-24 15:44:00', 'CS001/004/002/005/002', '002', '4.2.5.b desc', 1282654928160, 4, false, true, 1282728526530);
INSERT INTO mr_aggregation (mr_aggregation_id, mr_title, mr_creation_date, mr_full_classification_code, mr_classification_code, mr_description, parent_mr_aggregation_id, level_number, is_filled_with_records, can_have_records, parent_mr_classification_scheme_id) VALUES (1282657509510, '4.2.6.a', '2010-08-24 15:45:00', 'CS001/004/002/006/001', '001', '4.2.6.a desc', 1282654939320, 4, false, true, 1282728526530);
INSERT INTO mr_aggregation (mr_aggregation_id, mr_title, mr_creation_date, mr_full_classification_code, mr_classification_code, mr_description, parent_mr_aggregation_id, level_number, is_filled_with_records, can_have_records, parent_mr_classification_scheme_id) VALUES (1282657518030, '4.2.6.b', '2010-08-24 15:45:00', 'CS001/004/002/006/002', '002', '4.2.6.b desc', 1282654939320, 4, false, true, 1282728526530);
INSERT INTO mr_aggregation (mr_aggregation_id, mr_title, mr_creation_date, mr_full_classification_code, mr_classification_code, mr_description, parent_mr_aggregation_id, level_number, is_filled_with_records, can_have_records, parent_mr_classification_scheme_id) VALUES (1282657539930, '4.2.7.a', '2010-08-24 15:45:00', 'CS001/004/002/007/001', '001', '4.2.7.a desc', 1282654953960, 4, false, true, 1282728526530);
INSERT INTO mr_aggregation (mr_aggregation_id, mr_title, mr_creation_date, mr_full_classification_code, mr_classification_code, mr_description, parent_mr_aggregation_id, level_number, is_filled_with_records, can_have_records, parent_mr_classification_scheme_id) VALUES (1282657550150, '4.2.7.b', '2010-08-24 15:45:00', 'CS001/004/002/007/002', '002', '4.2.7.b desc', 1282654953960, 4, false, true, 1282728526530);
INSERT INTO mr_aggregation (mr_aggregation_id, mr_title, mr_creation_date, mr_full_classification_code, mr_classification_code, mr_description, parent_mr_aggregation_id, level_number, is_filled_with_records, can_have_records, parent_mr_classification_scheme_id) VALUES (1282657575510, '4.2.8.a', '2010-08-24 15:46:00', 'CS001/004/002/008/001', '001', '4.2.8.a desc', 1282654963760, 4, false, true, 1282728526530);
INSERT INTO mr_aggregation (mr_aggregation_id, mr_title, mr_creation_date, mr_full_classification_code, mr_classification_code, mr_description, parent_mr_aggregation_id, level_number, is_filled_with_records, can_have_records, parent_mr_classification_scheme_id) VALUES (1282657586380, '4.2.8.b', '2010-08-24 15:46:00', 'CS001/004/002/008/002', '002', '4.2.8.b desc', 1282654963760, 4, false, true, 1282728526530);
INSERT INTO mr_aggregation (mr_aggregation_id, mr_title, mr_creation_date, mr_full_classification_code, mr_classification_code, mr_description, parent_mr_aggregation_id, level_number, is_filled_with_records, can_have_records, parent_mr_classification_scheme_id) VALUES (1282657612680, '4.2.9.a', '2010-08-24 15:46:00', 'CS001/004/002/009/001', '001', '4.2.9.a desc', 1282654974470, 4, false, true, 1282728526530);
INSERT INTO mr_aggregation (mr_aggregation_id, mr_title, mr_creation_date, mr_full_classification_code, mr_classification_code, mr_description, parent_mr_aggregation_id, level_number, is_filled_with_records, can_have_records, parent_mr_classification_scheme_id) VALUES (1282657623380, '4.2.9.b', '2010-08-24 15:47:00', 'CS001/004/002/009/002', '002', '4.2.9.b desc', 1282654974470, 4, false, true, 1282728526530);
INSERT INTO mr_aggregation (mr_aggregation_id, mr_title, mr_creation_date, mr_full_classification_code, mr_classification_code, mr_description, parent_mr_aggregation_id, level_number, is_filled_with_records, can_have_records, parent_mr_classification_scheme_id) VALUES (1282657644420, '4.2.10.a', '2010-08-24 15:47:00', 'CS001/004/002/010/001', '001', '4.2.10.a desc', 1282654989950, 4, false, true, 1282728526530);
INSERT INTO mr_aggregation (mr_aggregation_id, mr_title, mr_creation_date, mr_full_classification_code, mr_classification_code, mr_description, parent_mr_aggregation_id, level_number, is_filled_with_records, can_have_records, parent_mr_classification_scheme_id) VALUES (1282657653590, '4.2.10.b', '2010-08-24 15:47:00', 'CS001/004/002/010/002', '002', '4.2.10.b desc', 1282654989950, 4, false, true, 1282728526530);
INSERT INTO mr_aggregation (mr_aggregation_id, mr_title, mr_creation_date, mr_full_classification_code, mr_classification_code, mr_description, parent_mr_aggregation_id, level_number, is_filled_with_records, can_have_records, parent_mr_classification_scheme_id) VALUES (1282660735030, '4.3.1.a', '2010-08-24 16:38:00', 'CS001/004/003/001/001', '001', '4.3.1.a desc', 1282660525870, 4, false, true, 1282728526530);
INSERT INTO mr_aggregation (mr_aggregation_id, mr_title, mr_creation_date, mr_full_classification_code, mr_classification_code, mr_description, parent_mr_aggregation_id, level_number, is_filled_with_records, can_have_records, parent_mr_classification_scheme_id) VALUES (1282660525870, '4.3.1', '2010-08-24 16:35:00', 'CS001/004/003/001', '001', '4.3.1 desc', 1282653900140, 3, false, false, 1282728526530);
INSERT INTO mr_aggregation (mr_aggregation_id, mr_title, mr_creation_date, mr_full_classification_code, mr_classification_code, mr_description, parent_mr_aggregation_id, level_number, is_filled_with_records, can_have_records, parent_mr_classification_scheme_id) VALUES (1282660747930, '4.3.1.b', '2010-08-24 16:39:00', 'CS001/004/003/001/002', '002', '4.3.1.b desc', 1282660525870, 4, false, true, 1282728526530);
INSERT INTO mr_aggregation (mr_aggregation_id, mr_title, mr_creation_date, mr_full_classification_code, mr_classification_code, mr_description, parent_mr_aggregation_id, level_number, is_filled_with_records, can_have_records, parent_mr_classification_scheme_id) VALUES (1282660774300, '4.3.2.a', '2010-08-24 16:39:00', 'CS001/004/003/002/001', '001', '4.3.2.a desc', 1282660549430, 4, false, true, 1282728526530);
INSERT INTO mr_aggregation (mr_aggregation_id, mr_title, mr_creation_date, mr_full_classification_code, mr_classification_code, mr_description, parent_mr_aggregation_id, level_number, is_filled_with_records, can_have_records, parent_mr_classification_scheme_id) VALUES (1282660549430, '4.3.2', '2010-08-24 16:35:00', 'CS001/004/003/002', '002', '4.3.2 desc', 1282653900140, 3, false, false, 1282728526530);
INSERT INTO mr_aggregation (mr_aggregation_id, mr_title, mr_creation_date, mr_full_classification_code, mr_classification_code, mr_description, parent_mr_aggregation_id, level_number, is_filled_with_records, can_have_records, parent_mr_classification_scheme_id) VALUES (1282660786540, '4.3.2.b', '2010-08-24 16:39:00', 'CS001/004/003/002/002', '002', '4.3.2.b desc', 1282660549430, 4, false, true, 1282728526530);
INSERT INTO mr_aggregation (mr_aggregation_id, mr_title, mr_creation_date, mr_full_classification_code, mr_classification_code, mr_description, parent_mr_aggregation_id, level_number, is_filled_with_records, can_have_records, parent_mr_classification_scheme_id) VALUES (1282660830390, '4.3.3.a', '2010-08-24 16:40:00', 'CS001/004/003/003/001', '001', '4.3.3.a desc', 1282660583070, 4, false, true, 1282728526530);
INSERT INTO mr_aggregation (mr_aggregation_id, mr_title, mr_creation_date, mr_full_classification_code, mr_classification_code, mr_description, parent_mr_aggregation_id, level_number, is_filled_with_records, can_have_records, parent_mr_classification_scheme_id) VALUES (1282660583070, '4.3.3', '2010-08-24 16:36:00', 'CS001/004/003/003', '003', '4.3.3 desc', 1282653900140, 3, false, false, 1282728526530);
INSERT INTO mr_aggregation (mr_aggregation_id, mr_title, mr_creation_date, mr_full_classification_code, mr_classification_code, mr_description, parent_mr_aggregation_id, level_number, is_filled_with_records, can_have_records, parent_mr_classification_scheme_id) VALUES (1282660842760, '4.3.3.b', '2010-08-24 16:40:00', 'CS001/004/003/003/002', '002', '4.3.3.b desc', 1282660583070, 4, false, false, 1282728526530);
INSERT INTO mr_aggregation (mr_aggregation_id, mr_title, mr_creation_date, mr_full_classification_code, mr_classification_code, mr_description, parent_mr_aggregation_id, level_number, is_filled_with_records, can_have_records, parent_mr_classification_scheme_id) VALUES (1282660858510, '4.3.3.b.c', '2010-08-24 16:40:00', 'CS001/004/003/003/002/001', '001', '4.3.3.b.c desc', 1282660842760, 5, false, false, 1282728526530);
INSERT INTO mr_aggregation (mr_aggregation_id, mr_title, mr_creation_date, mr_full_classification_code, mr_classification_code, mr_description, parent_mr_aggregation_id, level_number, is_filled_with_records, can_have_records, parent_mr_classification_scheme_id) VALUES (1282660913670, '4.3.3.b.c.d.e', '2010-08-24 16:41:00', 'CS001/004/003/003/002/001/001/001', '001', '4.3.3.b.c.d.e desc', 1282660898940, 7, false, true, 1282728526530);
INSERT INTO mr_aggregation (mr_aggregation_id, mr_title, mr_creation_date, mr_full_classification_code, mr_classification_code, mr_description, parent_mr_aggregation_id, level_number, is_filled_with_records, can_have_records, parent_mr_classification_scheme_id) VALUES (1282660898940, '4.3.3.b.c.d', '2010-08-24 16:41:00', 'CS001/004/003/003/002/001/001', '001', '4.3.3.b.c.d desc', 1282660858510, 6, false, false, 1282728526530);
INSERT INTO mr_aggregation (mr_aggregation_id, mr_title, mr_creation_date, mr_full_classification_code, mr_classification_code, mr_description, parent_mr_aggregation_id, level_number, is_filled_with_records, can_have_records, parent_mr_classification_scheme_id) VALUES (1282660925010, '4.3.3.b.c.d.f', '2010-08-24 16:42:00', 'CS001/004/003/003/002/001/001/002', '002', '4.3.3.b.c.d.f desc', 1282660898940, 7, false, true, 1282728526530);
INSERT INTO mr_aggregation (mr_aggregation_id, mr_title, mr_creation_date, mr_full_classification_code, mr_classification_code, mr_description, parent_mr_aggregation_id, level_number, is_filled_with_records, can_have_records, parent_mr_classification_scheme_id) VALUES (1282660935950, '4.3.3.b.c.d.g', '2010-08-24 16:42:00', 'CS001/004/003/003/002/001/001/003', '003', '4.3.3.b.c.d.g desc', 1282660898940, 7, false, true, 1282728526530);
INSERT INTO mr_aggregation (mr_aggregation_id, mr_title, mr_creation_date, mr_full_classification_code, mr_classification_code, mr_description, parent_mr_aggregation_id, level_number, is_filled_with_records, can_have_records, parent_mr_classification_scheme_id) VALUES (1282660947820, '4.3.3.b.c.d.h', '2010-08-24 16:42:00', 'CS001/004/003/003/002/001/001/004', '004', '4.3.3.b.c.d.h desc', 1282660898940, 7, false, true, 1282728526530);
INSERT INTO mr_aggregation (mr_aggregation_id, mr_title, mr_creation_date, mr_full_classification_code, mr_classification_code, mr_description, parent_mr_aggregation_id, level_number, is_filled_with_records, can_have_records, parent_mr_classification_scheme_id) VALUES (1282660991520, '4.3.4.a', '2010-08-24 16:43:00', 'CS001/004/003/004/001', '001', '4.3.4.a desc', 1282660596060, 4, false, true, 1282728526530);
INSERT INTO mr_aggregation (mr_aggregation_id, mr_title, mr_creation_date, mr_full_classification_code, mr_classification_code, mr_description, parent_mr_aggregation_id, level_number, is_filled_with_records, can_have_records, parent_mr_classification_scheme_id) VALUES (1282660596060, '4.3.4', '2010-08-24 16:36:00', 'CS001/004/003/004', '004', '4.3.4 desc', 1282653900140, 3, false, false, 1282728526530);
INSERT INTO mr_aggregation (mr_aggregation_id, mr_title, mr_creation_date, mr_full_classification_code, mr_classification_code, mr_description, parent_mr_aggregation_id, level_number, is_filled_with_records, can_have_records, parent_mr_classification_scheme_id) VALUES (1282661009490, '4.3.4.b', '2010-08-24 16:43:00', 'CS001/004/003/004/002', '002', '4.3.4.b desc', 1282660596060, 4, false, true, 1282728526530);
INSERT INTO mr_aggregation (mr_aggregation_id, mr_title, mr_creation_date, mr_full_classification_code, mr_classification_code, mr_description, parent_mr_aggregation_id, level_number, is_filled_with_records, can_have_records, parent_mr_classification_scheme_id) VALUES (1282661066030, '4.3.5.a', '2010-08-24 16:44:00', 'CS001/004/003/005/001', '001', '4.3.5.a desc', 1282660608630, 4, false, true, 1282728526530);
INSERT INTO mr_aggregation (mr_aggregation_id, mr_title, mr_creation_date, mr_full_classification_code, mr_classification_code, mr_description, parent_mr_aggregation_id, level_number, is_filled_with_records, can_have_records, parent_mr_classification_scheme_id) VALUES (1282660608630, '4.3.5', '2010-08-24 16:36:00', 'CS001/004/003/005', '005', '4.3.5 desc', 1282653900140, 3, false, false, 1282728526530);
INSERT INTO mr_aggregation (mr_aggregation_id, mr_title, mr_creation_date, mr_full_classification_code, mr_classification_code, mr_description, parent_mr_aggregation_id, level_number, is_filled_with_records, can_have_records, parent_mr_classification_scheme_id) VALUES (1282661077440, '4.3.5.b', '2010-08-24 16:44:00', 'CS001/004/003/005/002', '002', '4.3.5.b desc', 1282660608630, 4, false, true, 1282728526530);
INSERT INTO mr_aggregation (mr_aggregation_id, mr_title, mr_creation_date, mr_full_classification_code, mr_classification_code, mr_description, parent_mr_aggregation_id, level_number, is_filled_with_records, can_have_records, parent_mr_classification_scheme_id) VALUES (1282661095560, '4.3.6.a', '2010-08-24 16:44:00', 'CS001/004/003/006/001', '001', '4.3.6.a desc', 1282660621910, 4, false, true, 1282728526530);
INSERT INTO mr_aggregation (mr_aggregation_id, mr_title, mr_creation_date, mr_full_classification_code, mr_classification_code, mr_description, parent_mr_aggregation_id, level_number, is_filled_with_records, can_have_records, parent_mr_classification_scheme_id) VALUES (1282660621910, '4.3.6', '2010-08-24 16:37:00', 'CS001/004/003/006', '006', '4.3.6 desc', 1282653900140, 3, false, false, 1282728526530);
INSERT INTO mr_aggregation (mr_aggregation_id, mr_title, mr_creation_date, mr_full_classification_code, mr_classification_code, mr_description, parent_mr_aggregation_id, level_number, is_filled_with_records, can_have_records, parent_mr_classification_scheme_id) VALUES (1282661106040, '4.3.6.b', '2010-08-24 16:45:00', 'CS001/004/003/006/002', '002', '4.3.6.b desc', 1282660621910, 4, false, true, 1282728526530);
INSERT INTO mr_aggregation (mr_aggregation_id, mr_title, mr_creation_date, mr_full_classification_code, mr_classification_code, mr_description, parent_mr_aggregation_id, level_number, is_filled_with_records, can_have_records, parent_mr_classification_scheme_id) VALUES (1282661127590, '4.3.7.a', '2010-08-24 16:45:00', 'CS001/004/003/007/001', '001', '4.3.7.a desc', 1282660639170, 4, false, true, 1282728526530);
INSERT INTO mr_aggregation (mr_aggregation_id, mr_title, mr_creation_date, mr_full_classification_code, mr_classification_code, mr_description, parent_mr_aggregation_id, level_number, is_filled_with_records, can_have_records, parent_mr_classification_scheme_id) VALUES (1282660639170, '4.3.7', '2010-08-24 16:37:00', 'CS001/004/003/007', '007', '4.3.7 desc', 1282653900140, 3, false, false, 1282728526530);
INSERT INTO mr_aggregation (mr_aggregation_id, mr_title, mr_creation_date, mr_full_classification_code, mr_classification_code, mr_description, parent_mr_aggregation_id, level_number, is_filled_with_records, can_have_records, parent_mr_classification_scheme_id) VALUES (1282661141380, '4.3.7.b', '2010-08-24 16:45:00', 'CS001/004/003/007/002', '002', '4.3.7.b desc', 1282660639170, 4, false, true, 1282728526530);
INSERT INTO mr_aggregation (mr_aggregation_id, mr_title, mr_creation_date, mr_full_classification_code, mr_classification_code, mr_description, parent_mr_aggregation_id, level_number, is_filled_with_records, can_have_records, parent_mr_classification_scheme_id) VALUES (1282661159340, '4.3.8.a', '2010-08-24 16:45:00', 'CS001/004/003/008/001', '001', '4.3.8.a desc', 1282660654560, 4, false, true, 1282728526530);
INSERT INTO mr_aggregation (mr_aggregation_id, mr_title, mr_creation_date, mr_full_classification_code, mr_classification_code, mr_description, parent_mr_aggregation_id, level_number, is_filled_with_records, can_have_records, parent_mr_classification_scheme_id) VALUES (1282660654560, '4.3.8', '2010-08-24 16:37:00', 'CS001/004/003/008', '008', '4.3.8 desc', 1282653900140, 3, false, false, 1282728526530);
INSERT INTO mr_aggregation (mr_aggregation_id, mr_title, mr_creation_date, mr_full_classification_code, mr_classification_code, mr_description, parent_mr_aggregation_id, level_number, is_filled_with_records, can_have_records, parent_mr_classification_scheme_id) VALUES (1282661174160, '4.3.8.b', '2010-08-24 16:46:00', 'CS001/004/003/008/002', '002', '4.3.8.b desc', 1282660654560, 4, false, true, 1282728526530);
INSERT INTO mr_aggregation (mr_aggregation_id, mr_title, mr_creation_date, mr_full_classification_code, mr_classification_code, mr_description, parent_mr_aggregation_id, level_number, is_filled_with_records, can_have_records, parent_mr_classification_scheme_id) VALUES (1282661196570, '4.3.9.a', '2010-08-24 16:46:00', 'CS001/004/003/009/001', '001', '4.3.9.a desc', 1282660665000, 4, false, true, 1282728526530);
INSERT INTO mr_aggregation (mr_aggregation_id, mr_title, mr_creation_date, mr_full_classification_code, mr_classification_code, mr_description, parent_mr_aggregation_id, level_number, is_filled_with_records, can_have_records, parent_mr_classification_scheme_id) VALUES (1282660665000, '4.3.9', '2010-08-24 16:37:00', 'CS001/004/003/009', '009', '4.3.9 desc', 1282653900140, 3, false, false, 1282728526530);
INSERT INTO mr_aggregation (mr_aggregation_id, mr_title, mr_creation_date, mr_full_classification_code, mr_classification_code, mr_description, parent_mr_aggregation_id, level_number, is_filled_with_records, can_have_records, parent_mr_classification_scheme_id) VALUES (1282661206790, '4.3.9.b', '2010-08-24 16:46:00', 'CS001/004/003/009/002', '002', '4.3.9.b desc', 1282660665000, 4, false, true, 1282728526530);
INSERT INTO mr_aggregation (mr_aggregation_id, mr_title, mr_creation_date, mr_full_classification_code, mr_classification_code, mr_description, parent_mr_aggregation_id, level_number, is_filled_with_records, can_have_records, parent_mr_classification_scheme_id) VALUES (1282661226460, '4.3.10.a', '2010-08-24 16:47:00', 'CS001/004/003/010/001', '001', '4.3.10.a desc', 1282660681960, 4, false, true, 1282728526530);
INSERT INTO mr_aggregation (mr_aggregation_id, mr_title, mr_creation_date, mr_full_classification_code, mr_classification_code, mr_description, parent_mr_aggregation_id, level_number, is_filled_with_records, can_have_records, parent_mr_classification_scheme_id) VALUES (1282660681960, '4.3.10', '2010-08-24 16:38:00', 'CS001/004/003/010', '010', '4.3.10 desc', 1282653900140, 3, false, false, 1282728526530);
INSERT INTO mr_aggregation (mr_aggregation_id, mr_title, mr_creation_date, mr_full_classification_code, mr_classification_code, mr_description, parent_mr_aggregation_id, level_number, is_filled_with_records, can_have_records, parent_mr_classification_scheme_id) VALUES (1282661245790, '4.3.10.b', '2010-08-24 16:47:00', 'CS001/004/003/010/002', '002', '4.3.10.b desc', 1282660681960, 4, false, true, 1282728526530);
INSERT INTO mr_aggregation (mr_aggregation_id, mr_title, mr_creation_date, mr_full_classification_code, mr_classification_code, mr_description, parent_mr_aggregation_id, level_number, is_filled_with_records, can_have_records, parent_mr_classification_scheme_id) VALUES (1282661275730, '4.4.1', '2010-08-24 16:47:00', 'CS001/004/004/001', '001', '4.4.1 desc', 1282653914380, 3, false, true, 1282728526530);
INSERT INTO mr_aggregation (mr_aggregation_id, mr_title, mr_creation_date, mr_full_classification_code, mr_classification_code, mr_description, parent_mr_aggregation_id, level_number, is_filled_with_records, can_have_records, parent_mr_classification_scheme_id) VALUES (1282661289730, '4.4.2', '2010-08-24 16:48:00', 'CS001/004/004/002', '002', '4.4.2 desc', 1282653914380, 3, false, true, 1282728526530);
INSERT INTO mr_aggregation (mr_aggregation_id, mr_title, mr_creation_date, mr_full_classification_code, mr_classification_code, mr_description, parent_mr_aggregation_id, level_number, is_filled_with_records, can_have_records, parent_mr_classification_scheme_id) VALUES (1282661299410, '4.4.3', '2010-08-24 16:48:00', 'CS001/004/004/003', '003', '4.4.3 desc', 1282653914380, 3, false, true, 1282728526530);
INSERT INTO mr_aggregation (mr_aggregation_id, mr_title, mr_creation_date, mr_full_classification_code, mr_classification_code, mr_description, parent_mr_aggregation_id, level_number, is_filled_with_records, can_have_records, parent_mr_classification_scheme_id) VALUES (1282661310630, '4.4.4', '2010-08-24 16:48:00', 'CS001/004/004/004', '004', '4.4.4 desc', 1282653914380, 3, false, true, 1282728526530);
INSERT INTO mr_aggregation (mr_aggregation_id, mr_title, mr_creation_date, mr_full_classification_code, mr_classification_code, mr_description, parent_mr_aggregation_id, level_number, is_filled_with_records, can_have_records, parent_mr_classification_scheme_id) VALUES (1282661320560, '4.4.5', '2010-08-24 16:48:00', 'CS001/004/004/005', '005', '4.4.5 desc', 1282653914380, 3, false, true, 1282728526530);
INSERT INTO mr_aggregation (mr_aggregation_id, mr_title, mr_creation_date, mr_full_classification_code, mr_classification_code, mr_description, parent_mr_aggregation_id, level_number, is_filled_with_records, can_have_records, parent_mr_classification_scheme_id) VALUES (1282661331400, '4.4.6', '2010-08-24 16:48:00', 'CS001/004/004/006', '006', '4.4.6 desc', 1282653914380, 3, false, true, 1282728526530);
INSERT INTO mr_aggregation (mr_aggregation_id, mr_title, mr_creation_date, mr_full_classification_code, mr_classification_code, mr_description, parent_mr_aggregation_id, level_number, is_filled_with_records, can_have_records, parent_mr_classification_scheme_id) VALUES (1282661341750, '4.4.7', '2010-08-24 16:49:00', 'CS001/004/004/007', '007', '4.4.7 desc', 1282653914380, 3, false, true, 1282728526530);
INSERT INTO mr_aggregation (mr_aggregation_id, mr_title, mr_creation_date, mr_full_classification_code, mr_classification_code, mr_description, parent_mr_aggregation_id, level_number, is_filled_with_records, can_have_records, parent_mr_classification_scheme_id) VALUES (1282661359960, '4.4.8', '2010-08-24 16:49:00', 'CS001/004/004/008', '008', '4.4.8 desc', 1282653914380, 3, false, true, 1282728526530);
INSERT INTO mr_aggregation (mr_aggregation_id, mr_title, mr_creation_date, mr_full_classification_code, mr_classification_code, mr_description, parent_mr_aggregation_id, level_number, is_filled_with_records, can_have_records, parent_mr_classification_scheme_id) VALUES (1282661373270, '4.4.9', '2010-08-24 16:49:00', 'CS001/004/004/009', '009', '4.4.9 desc', 1282653914380, 3, false, true, 1282728526530);
INSERT INTO mr_aggregation (mr_aggregation_id, mr_title, mr_creation_date, mr_full_classification_code, mr_classification_code, mr_description, parent_mr_aggregation_id, level_number, is_filled_with_records, can_have_records, parent_mr_classification_scheme_id) VALUES (1282661387820, '4.4.10', '2010-08-24 16:49:00', 'CS001/004/004/010', '010', '4.4.10 desc', 1282653914380, 3, false, true, 1282728526530);
INSERT INTO mr_aggregation (mr_aggregation_id, mr_title, mr_creation_date, mr_full_classification_code, mr_classification_code, mr_description, parent_mr_aggregation_id, level_number, is_filled_with_records, can_have_records, parent_mr_classification_scheme_id) VALUES (1282661553460, '4.5.1', '2010-08-24 16:52:00', 'CS001/004/005/001', '001', '4.5.1 desc', 1282653928540, 3, false, true, 1282728526530);
INSERT INTO mr_aggregation (mr_aggregation_id, mr_title, mr_creation_date, mr_full_classification_code, mr_classification_code, mr_description, parent_mr_aggregation_id, level_number, is_filled_with_records, can_have_records, parent_mr_classification_scheme_id) VALUES (1282661562460, '4.5.2', '2010-08-24 16:52:00', 'CS001/004/005/002', '002', '4.5.2 desc', 1282653928540, 3, false, true, 1282728526530);
INSERT INTO mr_aggregation (mr_aggregation_id, mr_title, mr_creation_date, mr_full_classification_code, mr_classification_code, mr_description, parent_mr_aggregation_id, level_number, is_filled_with_records, can_have_records, parent_mr_classification_scheme_id) VALUES (1282661572820, '4.5.3', '2010-08-24 16:52:00', 'CS001/004/005/003', '003', '4.5.3 desc', 1282653928540, 3, false, true, 1282728526530);
INSERT INTO mr_aggregation (mr_aggregation_id, mr_title, mr_creation_date, mr_full_classification_code, mr_classification_code, mr_description, parent_mr_aggregation_id, level_number, is_filled_with_records, can_have_records, parent_mr_classification_scheme_id) VALUES (1282661584010, '4.5.4', '2010-08-24 16:53:00', 'CS001/004/005/004', '004', '4.5.4 desc', 1282653928540, 3, false, true, 1282728526530);
INSERT INTO mr_aggregation (mr_aggregation_id, mr_title, mr_creation_date, mr_full_classification_code, mr_classification_code, mr_description, parent_mr_aggregation_id, level_number, is_filled_with_records, can_have_records, parent_mr_classification_scheme_id) VALUES (1282661597540, '4.5.5', '2010-08-24 16:53:00', 'CS001/004/005/005', '005', '4.5.5 desc', 1282653928540, 3, false, true, 1282728526530);
INSERT INTO mr_aggregation (mr_aggregation_id, mr_title, mr_creation_date, mr_full_classification_code, mr_classification_code, mr_description, parent_mr_aggregation_id, level_number, is_filled_with_records, can_have_records, parent_mr_classification_scheme_id) VALUES (1282661609730, '4.5.6', '2010-08-24 16:53:00', 'CS001/004/005/006', '006', '4.5.6 desc', 1282653928540, 3, false, true, 1282728526530);
INSERT INTO mr_aggregation (mr_aggregation_id, mr_title, mr_creation_date, mr_full_classification_code, mr_classification_code, mr_description, parent_mr_aggregation_id, level_number, is_filled_with_records, can_have_records, parent_mr_classification_scheme_id) VALUES (1282661620360, '4.5.7', '2010-08-24 16:53:00', 'CS001/004/005/007', '007', '4.5.7 desc', 1282653928540, 3, false, true, 1282728526530);
INSERT INTO mr_aggregation (mr_aggregation_id, mr_title, mr_creation_date, mr_full_classification_code, mr_classification_code, mr_description, parent_mr_aggregation_id, level_number, is_filled_with_records, can_have_records, parent_mr_classification_scheme_id) VALUES (1282661637270, '4.5.8', '2010-08-24 16:53:00', 'CS001/004/005/008', '008', '4.5.8 desc', 1282653928540, 3, false, true, 1282728526530);
INSERT INTO mr_aggregation (mr_aggregation_id, mr_title, mr_creation_date, mr_full_classification_code, mr_classification_code, mr_description, parent_mr_aggregation_id, level_number, is_filled_with_records, can_have_records, parent_mr_classification_scheme_id) VALUES (1282661651930, '4.5.9', '2010-08-24 16:54:00', 'CS001/004/005/009', '009', '4.5.9 desc', 1282653928540, 3, false, true, 1282728526530);
INSERT INTO mr_aggregation (mr_aggregation_id, mr_title, mr_creation_date, mr_full_classification_code, mr_classification_code, mr_description, parent_mr_aggregation_id, level_number, is_filled_with_records, can_have_records, parent_mr_classification_scheme_id) VALUES (1282661664160, '4.5.10', '2010-08-24 16:54:00', 'CS001/004/005/010', '010', '4.5.10 desc', 1282653928540, 3, false, true, 1282728526530);
INSERT INTO mr_aggregation (mr_aggregation_id, mr_title, mr_creation_date, mr_full_classification_code, mr_classification_code, mr_description, parent_mr_aggregation_id, level_number, is_filled_with_records, can_have_records, parent_mr_classification_scheme_id) VALUES (1282661691330, '4.6.1', '2010-08-24 16:54:00', 'CS001/004/006/001', '001', '4.6.1 desc', 1282653939620, 3, false, true, 1282728526530);
INSERT INTO mr_aggregation (mr_aggregation_id, mr_title, mr_creation_date, mr_full_classification_code, mr_classification_code, mr_description, parent_mr_aggregation_id, level_number, is_filled_with_records, can_have_records, parent_mr_classification_scheme_id) VALUES (1282661701170, '4.6.2', '2010-08-24 16:55:00', 'CS001/004/006/002', '002', '4.6.2 desc', 1282653939620, 3, false, true, 1282728526530);
INSERT INTO mr_aggregation (mr_aggregation_id, mr_title, mr_creation_date, mr_full_classification_code, mr_classification_code, mr_description, parent_mr_aggregation_id, level_number, is_filled_with_records, can_have_records, parent_mr_classification_scheme_id) VALUES (1282661714920, '4.6.3', '2010-08-24 16:55:00', 'CS001/004/006/003', '003', '4.6.3 desc', 1282653939620, 3, false, true, 1282728526530);
INSERT INTO mr_aggregation (mr_aggregation_id, mr_title, mr_creation_date, mr_full_classification_code, mr_classification_code, mr_description, parent_mr_aggregation_id, level_number, is_filled_with_records, can_have_records, parent_mr_classification_scheme_id) VALUES (1282661726200, '4.6.4', '2010-08-24 16:55:00', 'CS001/004/006/004', '004', '4.6.4 desc', 1282653939620, 3, false, true, 1282728526530);
INSERT INTO mr_aggregation (mr_aggregation_id, mr_title, mr_creation_date, mr_full_classification_code, mr_classification_code, mr_description, parent_mr_aggregation_id, level_number, is_filled_with_records, can_have_records, parent_mr_classification_scheme_id) VALUES (1282661737360, '4.6.5', '2010-08-24 16:55:00', 'CS001/004/006/005', '005', '4.6.5 desc', 1282653939620, 3, false, true, 1282728526530);
INSERT INTO mr_aggregation (mr_aggregation_id, mr_title, mr_creation_date, mr_full_classification_code, mr_classification_code, mr_description, parent_mr_aggregation_id, level_number, is_filled_with_records, can_have_records, parent_mr_classification_scheme_id) VALUES (1282661780260, '4.6.9', '2010-08-24 16:56:00', 'CS001/004/006/009', '009', '4.6.9 desc', 1282653939620, 3, false, true, 1282728526530);
INSERT INTO mr_aggregation (mr_aggregation_id, mr_title, mr_creation_date, mr_full_classification_code, mr_classification_code, mr_description, parent_mr_aggregation_id, level_number, is_filled_with_records, can_have_records, parent_mr_classification_scheme_id) VALUES (1282661799740, '4.6.10', '2010-08-24 16:56:00', 'CS001/004/006/010', '010', '4.6.10 desc', 1282653939620, 3, false, true, 1282728526530);
INSERT INTO mr_aggregation (mr_aggregation_id, mr_title, mr_creation_date, mr_full_classification_code, mr_classification_code, mr_description, parent_mr_aggregation_id, level_number, is_filled_with_records, can_have_records, parent_mr_classification_scheme_id) VALUES (1282661748540, '4.6.6', '2010-08-24 16:55:00', 'CS001/004/006/006', '006', '4.6.6 desc', 1282653939620, 3, false, true, 1282728526530);
INSERT INTO mr_aggregation (mr_aggregation_id, mr_title, mr_creation_date, mr_full_classification_code, mr_classification_code, mr_description, parent_mr_aggregation_id, level_number, is_filled_with_records, can_have_records, parent_mr_classification_scheme_id) VALUES (1282661758120, '4.6.7', '2010-08-24 16:55:00', 'CS001/004/006/007', '007', '4.6.7 desc', 1282653939620, 3, false, true, 1282728526530);
INSERT INTO mr_aggregation (mr_aggregation_id, mr_title, mr_creation_date, mr_full_classification_code, mr_classification_code, mr_description, parent_mr_aggregation_id, level_number, is_filled_with_records, can_have_records, parent_mr_classification_scheme_id) VALUES (1282661769100, '4.6.8', '2010-08-24 16:56:00', 'CS001/004/006/008', '008', '4.6.8 desc', 1282653939620, 3, false, true, 1282728526530);
INSERT INTO mr_aggregation (mr_aggregation_id, mr_title, mr_creation_date, mr_full_classification_code, mr_classification_code, mr_description, parent_mr_aggregation_id, level_number, is_filled_with_records, can_have_records, parent_mr_classification_scheme_id) VALUES (1282661878060, '4.7.1', '2010-08-24 16:57:00', 'CS001/004/007/001', '001', '4.7.1 desc', 1282653952390, 3, false, true, 1282728526530);
INSERT INTO mr_aggregation (mr_aggregation_id, mr_title, mr_creation_date, mr_full_classification_code, mr_classification_code, mr_description, parent_mr_aggregation_id, level_number, is_filled_with_records, can_have_records, parent_mr_classification_scheme_id) VALUES (1282661891360, '4.7.2', '2010-08-24 16:58:00', 'CS001/004/007/002', '002', '4.7.2 desc', 1282653952390, 3, false, true, 1282728526530);
INSERT INTO mr_aggregation (mr_aggregation_id, mr_title, mr_creation_date, mr_full_classification_code, mr_classification_code, mr_description, parent_mr_aggregation_id, level_number, is_filled_with_records, can_have_records, parent_mr_classification_scheme_id) VALUES (1282661902250, '4.7.3', '2010-08-24 16:58:00', 'CS001/004/007/003', '003', '4.7.3 desc', 1282653952390, 3, false, true, 1282728526530);
INSERT INTO mr_aggregation (mr_aggregation_id, mr_title, mr_creation_date, mr_full_classification_code, mr_classification_code, mr_description, parent_mr_aggregation_id, level_number, is_filled_with_records, can_have_records, parent_mr_classification_scheme_id) VALUES (1282661916180, '4.7.4', '2010-08-24 16:58:00', 'CS001/004/007/004', '004', '4.7.4 desc', 1282653952390, 3, false, true, 1282728526530);
INSERT INTO mr_aggregation (mr_aggregation_id, mr_title, mr_creation_date, mr_full_classification_code, mr_classification_code, mr_description, parent_mr_aggregation_id, level_number, is_filled_with_records, can_have_records, parent_mr_classification_scheme_id) VALUES (1282661926980, '4.7.5', '2010-08-24 16:58:00', 'CS001/004/007/005', '005', '4.7.5 desc', 1282653952390, 3, false, true, 1282728526530);
INSERT INTO mr_aggregation (mr_aggregation_id, mr_title, mr_creation_date, mr_full_classification_code, mr_classification_code, mr_description, parent_mr_aggregation_id, level_number, is_filled_with_records, can_have_records, parent_mr_classification_scheme_id) VALUES (1282661937730, '4.7.6', '2010-08-24 16:58:00', 'CS001/004/007/006', '006', '4.7.6 desc', 1282653952390, 3, false, true, 1282728526530);
INSERT INTO mr_aggregation (mr_aggregation_id, mr_title, mr_creation_date, mr_full_classification_code, mr_classification_code, mr_description, parent_mr_aggregation_id, level_number, is_filled_with_records, can_have_records, parent_mr_classification_scheme_id) VALUES (1282661951820, '4.7.7', '2010-08-24 16:59:00', 'CS001/004/007/007', '007', '4.7.7 desc', 1282653952390, 3, false, true, 1282728526530);
INSERT INTO mr_aggregation (mr_aggregation_id, mr_title, mr_creation_date, mr_full_classification_code, mr_classification_code, mr_description, parent_mr_aggregation_id, level_number, is_filled_with_records, can_have_records, parent_mr_classification_scheme_id) VALUES (1282661963910, '4.7.8', '2010-08-24 16:59:00', 'CS001/004/007/008', '008', '4.7.8 desc', 1282653952390, 3, false, true, 1282728526530);
INSERT INTO mr_aggregation (mr_aggregation_id, mr_title, mr_creation_date, mr_full_classification_code, mr_classification_code, mr_description, parent_mr_aggregation_id, level_number, is_filled_with_records, can_have_records, parent_mr_classification_scheme_id) VALUES (1282661976740, '4.7.9', '2010-08-24 16:59:00', 'CS001/004/007/009', '009', '4.7.9 desc', 1282653952390, 3, false, true, 1282728526530);
INSERT INTO mr_aggregation (mr_aggregation_id, mr_title, mr_creation_date, mr_full_classification_code, mr_classification_code, mr_description, parent_mr_aggregation_id, level_number, is_filled_with_records, can_have_records, parent_mr_classification_scheme_id) VALUES (1282661993980, '4.7.10', '2010-08-24 16:59:00', 'CS001/004/007/010', '010', '4.7.10 desc', 1282653952390, 3, false, true, 1282728526530);
INSERT INTO mr_aggregation (mr_aggregation_id, mr_title, mr_creation_date, mr_full_classification_code, mr_classification_code, mr_description, parent_mr_aggregation_id, level_number, is_filled_with_records, can_have_records, parent_mr_classification_scheme_id) VALUES (1282662051930, '4.8.1', '2010-08-24 17:00:00', 'CS001/004/008/001', '001', '4.8.1 desc', 1282653965030, 3, false, true, 1282728526530);
INSERT INTO mr_aggregation (mr_aggregation_id, mr_title, mr_creation_date, mr_full_classification_code, mr_classification_code, mr_description, parent_mr_aggregation_id, level_number, is_filled_with_records, can_have_records, parent_mr_classification_scheme_id) VALUES (1282662060400, '4.8.2', '2010-08-24 17:01:00', 'CS001/004/008/002', '002', '4.8.2 desc', 1282653965030, 3, false, true, 1282728526530);
INSERT INTO mr_aggregation (mr_aggregation_id, mr_title, mr_creation_date, mr_full_classification_code, mr_classification_code, mr_description, parent_mr_aggregation_id, level_number, is_filled_with_records, can_have_records, parent_mr_classification_scheme_id) VALUES (1282662070290, '4.8.3', '2010-08-24 17:01:00', 'CS001/004/008/003', '003', '4.8.3 desc', 1282653965030, 3, false, true, 1282728526530);
INSERT INTO mr_aggregation (mr_aggregation_id, mr_title, mr_creation_date, mr_full_classification_code, mr_classification_code, mr_description, parent_mr_aggregation_id, level_number, is_filled_with_records, can_have_records, parent_mr_classification_scheme_id) VALUES (1282662080000, '4.8.4', '2010-08-24 17:01:00', 'CS001/004/008/004', '004', '4.8.4 desc', 1282653965030, 3, false, true, 1282728526530);
INSERT INTO mr_aggregation (mr_aggregation_id, mr_title, mr_creation_date, mr_full_classification_code, mr_classification_code, mr_description, parent_mr_aggregation_id, level_number, is_filled_with_records, can_have_records, parent_mr_classification_scheme_id) VALUES (1282662090560, '4.8.5', '2010-08-24 17:01:00', 'CS001/004/008/005', '005', '4.8.5 desc', 1282653965030, 3, false, true, 1282728526530);
INSERT INTO mr_aggregation (mr_aggregation_id, mr_title, mr_creation_date, mr_full_classification_code, mr_classification_code, mr_description, parent_mr_aggregation_id, level_number, is_filled_with_records, can_have_records, parent_mr_classification_scheme_id) VALUES (1282662100000, '4.8.6', '2010-08-24 17:01:00', 'CS001/004/008/006', '006', '4.8.6 desc', 1282653965030, 3, false, true, 1282728526530);
INSERT INTO mr_aggregation (mr_aggregation_id, mr_title, mr_creation_date, mr_full_classification_code, mr_classification_code, mr_description, parent_mr_aggregation_id, level_number, is_filled_with_records, can_have_records, parent_mr_classification_scheme_id) VALUES (1282662118390, '4.8.7', '2010-08-24 17:01:00', 'CS001/004/008/007', '007', '4.8.7 desc', 1282653965030, 3, false, true, 1282728526530);
INSERT INTO mr_aggregation (mr_aggregation_id, mr_title, mr_creation_date, mr_full_classification_code, mr_classification_code, mr_description, parent_mr_aggregation_id, level_number, is_filled_with_records, can_have_records, parent_mr_classification_scheme_id) VALUES (1282662130500, '4.8.8', '2010-08-24 17:02:00', 'CS001/004/008/008', '008', '4.8.8 desc', 1282653965030, 3, false, true, 1282728526530);
INSERT INTO mr_aggregation (mr_aggregation_id, mr_title, mr_creation_date, mr_full_classification_code, mr_classification_code, mr_description, parent_mr_aggregation_id, level_number, is_filled_with_records, can_have_records, parent_mr_classification_scheme_id) VALUES (1282662145220, '4.8.9', '2010-08-24 17:02:00', 'CS001/004/008/009', '009', '4.8.9 desc', 1282653965030, 3, false, true, 1282728526530);
INSERT INTO mr_aggregation (mr_aggregation_id, mr_title, mr_creation_date, mr_full_classification_code, mr_classification_code, mr_description, parent_mr_aggregation_id, level_number, is_filled_with_records, can_have_records, parent_mr_classification_scheme_id) VALUES (1282662157720, '4.8.10', '2010-08-24 17:02:00', 'CS001/004/008/010', '010', '4.8.10 desc', 1282653965030, 3, false, true, 1282728526530);
INSERT INTO mr_aggregation (mr_aggregation_id, mr_title, mr_creation_date, mr_full_classification_code, mr_classification_code, mr_description, parent_mr_aggregation_id, level_number, is_filled_with_records, can_have_records, parent_mr_classification_scheme_id) VALUES (1282662281860, '4.9.1', '2010-08-24 17:04:00', 'CS001/004/009/001', '001', '4.9.1 desc', 1282653982580, 3, false, true, 1282728526530);
INSERT INTO mr_aggregation (mr_aggregation_id, mr_title, mr_creation_date, mr_full_classification_code, mr_classification_code, mr_description, parent_mr_aggregation_id, level_number, is_filled_with_records, can_have_records, parent_mr_classification_scheme_id) VALUES (1282662291100, '4.9.2', '2010-08-24 17:04:00', 'CS001/004/009/002', '002', '4.9.2 desc', 1282653982580, 3, false, true, 1282728526530);
INSERT INTO mr_aggregation (mr_aggregation_id, mr_title, mr_creation_date, mr_full_classification_code, mr_classification_code, mr_description, parent_mr_aggregation_id, level_number, is_filled_with_records, can_have_records, parent_mr_classification_scheme_id) VALUES (1282662304140, '4.9.3', '2010-08-24 17:05:00', 'CS001/004/009/003', '003', '4.9.3 desc', 1282653982580, 3, false, true, 1282728526530);
INSERT INTO mr_aggregation (mr_aggregation_id, mr_title, mr_creation_date, mr_full_classification_code, mr_classification_code, mr_description, parent_mr_aggregation_id, level_number, is_filled_with_records, can_have_records, parent_mr_classification_scheme_id) VALUES (1282662314450, '4.9.4', '2010-08-24 17:05:00', 'CS001/004/009/004', '004', '4.9.4 desc', 1282653982580, 3, false, true, 1282728526530);
INSERT INTO mr_aggregation (mr_aggregation_id, mr_title, mr_creation_date, mr_full_classification_code, mr_classification_code, mr_description, parent_mr_aggregation_id, level_number, is_filled_with_records, can_have_records, parent_mr_classification_scheme_id) VALUES (1282662322440, '4.9.5', '2010-08-24 17:05:00', 'CS001/004/009/005', '005', '4.9.5 desc', 1282653982580, 3, false, true, 1282728526530);
INSERT INTO mr_aggregation (mr_aggregation_id, mr_title, mr_creation_date, mr_full_classification_code, mr_classification_code, mr_description, parent_mr_aggregation_id, level_number, is_filled_with_records, can_have_records, parent_mr_classification_scheme_id) VALUES (1282662332300, '4.9.6', '2010-08-24 17:05:00', 'CS001/004/009/006', '006', '4.9.6 desc', 1282653982580, 3, false, true, 1282728526530);
INSERT INTO mr_aggregation (mr_aggregation_id, mr_title, mr_creation_date, mr_full_classification_code, mr_classification_code, mr_description, parent_mr_aggregation_id, level_number, is_filled_with_records, can_have_records, parent_mr_classification_scheme_id) VALUES (1282662347430, '4.9.7', '2010-08-24 17:05:00', 'CS001/004/009/007', '007', '4.9.7 desc', 1282653982580, 3, false, true, 1282728526530);
INSERT INTO mr_aggregation (mr_aggregation_id, mr_title, mr_creation_date, mr_full_classification_code, mr_classification_code, mr_description, parent_mr_aggregation_id, level_number, is_filled_with_records, can_have_records, parent_mr_classification_scheme_id) VALUES (1282662359210, '4.9.8', '2010-08-24 17:05:00', 'CS001/004/009/008', '008', '4.9.8 desc', 1282653982580, 3, false, true, 1282728526530);
INSERT INTO mr_aggregation (mr_aggregation_id, mr_title, mr_creation_date, mr_full_classification_code, mr_classification_code, mr_description, parent_mr_aggregation_id, level_number, is_filled_with_records, can_have_records, parent_mr_classification_scheme_id) VALUES (1282662376520, '4.9.9', '2010-08-24 17:06:00', 'CS001/004/009/009', '009', '4.9.9 desc', 1282653982580, 3, false, true, 1282728526530);
INSERT INTO mr_aggregation (mr_aggregation_id, mr_title, mr_creation_date, mr_full_classification_code, mr_classification_code, mr_description, parent_mr_aggregation_id, level_number, is_filled_with_records, can_have_records, parent_mr_classification_scheme_id) VALUES (1282662389100, '4.9.10', '2010-08-24 17:06:00', 'CS001/004/009/010', '010', '4.9.10 desc', 1282653982580, 3, false, true, 1282728526530);
INSERT INTO mr_aggregation (mr_aggregation_id, mr_title, mr_creation_date, mr_full_classification_code, mr_classification_code, mr_description, parent_mr_aggregation_id, level_number, is_filled_with_records, can_have_records, parent_mr_classification_scheme_id) VALUES (1282662412250, '4.10.1', '2010-08-24 17:06:00', 'CS001/004/010/001', '001', '4.10.1 desc', 1282653998250, 3, false, true, 1282728526530);
INSERT INTO mr_aggregation (mr_aggregation_id, mr_title, mr_creation_date, mr_full_classification_code, mr_classification_code, mr_description, parent_mr_aggregation_id, level_number, is_filled_with_records, can_have_records, parent_mr_classification_scheme_id) VALUES (1282662422400, '4.10.2', '2010-08-24 17:07:00', 'CS001/004/010/002', '002', '4.10.2 desc', 1282653998250, 3, false, true, 1282728526530);
INSERT INTO mr_aggregation (mr_aggregation_id, mr_title, mr_creation_date, mr_full_classification_code, mr_classification_code, mr_description, parent_mr_aggregation_id, level_number, is_filled_with_records, can_have_records, parent_mr_classification_scheme_id) VALUES (1282662433950, '4.10.3', '2010-08-24 17:07:00', 'CS001/004/010/003', '003', '4.10.3 desc', 1282653998250, 3, false, true, 1282728526530);
INSERT INTO mr_aggregation (mr_aggregation_id, mr_title, mr_creation_date, mr_full_classification_code, mr_classification_code, mr_description, parent_mr_aggregation_id, level_number, is_filled_with_records, can_have_records, parent_mr_classification_scheme_id) VALUES (1282662443080, '4.10.4', '2010-08-24 17:07:00', 'CS001/004/010/004', '004', '4.10.4 desc', 1282653998250, 3, false, true, 1282728526530);
INSERT INTO mr_aggregation (mr_aggregation_id, mr_title, mr_creation_date, mr_full_classification_code, mr_classification_code, mr_description, parent_mr_aggregation_id, level_number, is_filled_with_records, can_have_records, parent_mr_classification_scheme_id) VALUES (1282662452360, '4.10.5', '2010-08-24 17:07:00', 'CS001/004/010/005', '005', '4.10.5 desc', 1282653998250, 3, false, true, 1282728526530);
INSERT INTO mr_aggregation (mr_aggregation_id, mr_title, mr_creation_date, mr_full_classification_code, mr_classification_code, mr_description, parent_mr_aggregation_id, level_number, is_filled_with_records, can_have_records, parent_mr_classification_scheme_id) VALUES (1282662465190, '4.10.6', '2010-08-24 17:07:00', 'CS001/004/010/006', '006', '4.10.6 desc', 1282653998250, 3, false, true, 1282728526530);
INSERT INTO mr_aggregation (mr_aggregation_id, mr_title, mr_creation_date, mr_full_classification_code, mr_classification_code, mr_description, parent_mr_aggregation_id, level_number, is_filled_with_records, can_have_records, parent_mr_classification_scheme_id) VALUES (1282662476880, '4.10.7', '2010-08-24 17:07:00', 'CS001/004/010/007', '007', '4.10.7 desc', 1282653998250, 3, false, true, 1282728526530);
INSERT INTO mr_aggregation (mr_aggregation_id, mr_title, mr_creation_date, mr_full_classification_code, mr_classification_code, mr_description, parent_mr_aggregation_id, level_number, is_filled_with_records, can_have_records, parent_mr_classification_scheme_id) VALUES (1282662487790, '4.10.8', '2010-08-24 17:08:00', 'CS001/004/010/008', '008', '4.10.8 desc', 1282653998250, 3, false, true, 1282728526530);
INSERT INTO mr_aggregation (mr_aggregation_id, mr_title, mr_creation_date, mr_full_classification_code, mr_classification_code, mr_description, parent_mr_aggregation_id, level_number, is_filled_with_records, can_have_records, parent_mr_classification_scheme_id) VALUES (1282662501000, '4.10.9', '2010-08-24 17:08:00', 'CS001/004/010/009', '009', '4.10.9 desc', 1282653998250, 3, false, true, 1282728526530);
INSERT INTO mr_aggregation (mr_aggregation_id, mr_title, mr_creation_date, mr_full_classification_code, mr_classification_code, mr_description, parent_mr_aggregation_id, level_number, is_filled_with_records, can_have_records, parent_mr_classification_scheme_id) VALUES (1282662513850, '4.10.10', '2010-08-24 17:08:00', 'CS001/004/010/010', '010', '4.10.10 desc', 1282653998250, 3, false, true, 1282728526530);
INSERT INTO mr_aggregation (mr_aggregation_id, mr_title, mr_creation_date, mr_full_classification_code, mr_classification_code, mr_description, parent_mr_aggregation_id, level_number, is_filled_with_records, can_have_records, parent_mr_classification_scheme_id) VALUES (1282657279260, '4.2.2.b.c.d.e', '2010-08-24 15:41:00', 'CS001/004/002/002/002/001/001/001', '001', '4.2.2.b.c.d.e desc', 1282657258610, 7, true, true, 1282728526530);
INSERT INTO mr_aggregation (mr_aggregation_id, mr_title, mr_creation_date, mr_full_classification_code, mr_classification_code, mr_description, parent_mr_aggregation_id, level_number, is_filled_with_records, can_have_records, parent_mr_classification_scheme_id) VALUES (1282913278230, 'CS3.1.1', '2010-08-27 14:47:00', 'CS003/001/001', '001', 'Desc CS3.1.1', 1282835853760, 2, true, true, 1282817600600);
INSERT INTO mr_aggregation (mr_aggregation_id, mr_title, mr_creation_date, mr_full_classification_code, mr_classification_code, mr_description, parent_mr_aggregation_id, level_number, is_filled_with_records, can_have_records, parent_mr_classification_scheme_id) VALUES (1282835853760, 'First of third', '2010-08-26 17:17:00', '/001', '001', 'First aggregation of third scheme', 1282817600600, 1, false, true, 1282817600600);
INSERT INTO mr_aggregation (mr_aggregation_id, mr_title, mr_creation_date, mr_full_classification_code, mr_classification_code, mr_description, parent_mr_aggregation_id, level_number, is_filled_with_records, can_have_records, parent_mr_classification_scheme_id) VALUES (1282914909220, 'CS2.2.1', '2010-08-27 15:15:00', 'CS002/001/001', '001', 'Desc CS2.2.1', 1282835568460, 2, true, true, 1282816894890);

--- CLASSIFICATION_MR_RES_RECORD_MULTI_MR_AGGREGATION
INSERT INTO classification_mr_res_record_multi_mr_aggregation (classified_mr_res_record_multi_id, parent_mr_aggregation_id, coll_id, mr_owner_entity_id, mr_full_classification_code, previous_mr_full_classification_code, is_public, mr_reclassification_date, mr_reclassification_reason, mr_reclassification_user_id, mr_classification_code, classification_mr_res_record_multi_mr_aggregation_id) VALUES (1282230770080, 1281529899, '0', 'Not yet implemented', 'CS001/003/001/001', NULL, false, NULL, NULL, NULL, '001', 1282230770210);
INSERT INTO classification_mr_res_record_multi_mr_aggregation (classified_mr_res_record_multi_id, parent_mr_aggregation_id, coll_id, mr_owner_entity_id, mr_full_classification_code, previous_mr_full_classification_code, is_public, mr_reclassification_date, mr_reclassification_reason, mr_reclassification_user_id, mr_classification_code, classification_mr_res_record_multi_mr_aggregation_id) VALUES (1282230939850, 1281529899, '0', 'Not yet implemented', 'CS001/003/001/002', NULL, false, NULL, NULL, NULL, '002', 1282230939240);
INSERT INTO classification_mr_res_record_multi_mr_aggregation (classified_mr_res_record_multi_id, parent_mr_aggregation_id, coll_id, mr_owner_entity_id, mr_full_classification_code, previous_mr_full_classification_code, is_public, mr_reclassification_date, mr_reclassification_reason, mr_reclassification_user_id, mr_classification_code, classification_mr_res_record_multi_mr_aggregation_id) VALUES (1282568351750, 1281529899, '0', 'Not yet implemented', 'CS001/003/001/003', NULL, false, NULL, NULL, NULL, '003', 1282568351880);
INSERT INTO classification_mr_res_record_multi_mr_aggregation (classified_mr_res_record_multi_id, parent_mr_aggregation_id, coll_id, mr_owner_entity_id, mr_full_classification_code, previous_mr_full_classification_code, is_public, mr_reclassification_date, mr_reclassification_reason, mr_reclassification_user_id, mr_classification_code, classification_mr_res_record_multi_mr_aggregation_id) VALUES (1282663548820, 1282657279260, '0', 'Not yet implemented', 'CS001/004/002/002/002/001/001/001/001', NULL, false, NULL, NULL, NULL, '001', 1282663548580);
INSERT INTO classification_mr_res_record_multi_mr_aggregation (classified_mr_res_record_multi_id, parent_mr_aggregation_id, coll_id, mr_owner_entity_id, mr_full_classification_code, previous_mr_full_classification_code, is_public, mr_reclassification_date, mr_reclassification_reason, mr_reclassification_user_id, mr_classification_code, classification_mr_res_record_multi_mr_aggregation_id) VALUES (1282841588300, 1282841471560, '0', 'Not yet implemented', 'CS002/001/001/001', NULL, false, NULL, NULL, NULL, '001', 1282841588740);
INSERT INTO classification_mr_res_record_multi_mr_aggregation (classified_mr_res_record_multi_id, parent_mr_aggregation_id, coll_id, mr_owner_entity_id, mr_full_classification_code, previous_mr_full_classification_code, is_public, mr_reclassification_date, mr_reclassification_reason, mr_reclassification_user_id, mr_classification_code, classification_mr_res_record_multi_mr_aggregation_id) VALUES (1282911377300, 1281625277, '0', 'Not yet implemented', 'CS001/001/001/001/001/001', NULL, false, NULL, NULL, NULL, '001', 1282911378210);
INSERT INTO classification_mr_res_record_multi_mr_aggregation (classified_mr_res_record_multi_id, parent_mr_aggregation_id, coll_id, mr_owner_entity_id, mr_full_classification_code, previous_mr_full_classification_code, is_public, mr_reclassification_date, mr_reclassification_reason, mr_reclassification_user_id, mr_classification_code, classification_mr_res_record_multi_mr_aggregation_id) VALUES (1282913311020, 1282913278230, '0', 'Not yet implemented', 'CS003/001/001/001', NULL, false, NULL, NULL, NULL, '001', 1282913312660);
INSERT INTO classification_mr_res_record_multi_mr_aggregation (classified_mr_res_record_multi_id, parent_mr_aggregation_id, coll_id, mr_owner_entity_id, mr_full_classification_code, previous_mr_full_classification_code, is_public, mr_reclassification_date, mr_reclassification_reason, mr_reclassification_user_id, mr_classification_code, classification_mr_res_record_multi_mr_aggregation_id) VALUES (1282915557510, 1282914909220, '0', 'Not yet implemented', 'CS002/001/001/001', NULL, false, NULL, NULL, NULL, '001', 1282915557140);
INSERT INTO classification_mr_res_record_multi_mr_aggregation (classified_mr_res_record_multi_id, parent_mr_aggregation_id, coll_id, mr_owner_entity_id, mr_full_classification_code, previous_mr_full_classification_code, is_public, mr_reclassification_date, mr_reclassification_reason, mr_reclassification_user_id, mr_classification_code, classification_mr_res_record_multi_mr_aggregation_id) VALUES (1282936297320, 1281529899, '0', 'Not yet implemented', '001/004', NULL, false, NULL, NULL, NULL, '004', 1282936297410);
INSERT INTO classification_mr_res_record_multi_mr_aggregation (classified_mr_res_record_multi_id, parent_mr_aggregation_id, coll_id, mr_owner_entity_id, mr_full_classification_code, previous_mr_full_classification_code, is_public, mr_reclassification_date, mr_reclassification_reason, mr_reclassification_user_id, mr_classification_code, classification_mr_res_record_multi_mr_aggregation_id) VALUES (1282936431490, 1281529899, '0', 'Not yet implemented', '001/005', NULL, false, NULL, NULL, NULL, '005', 1282936431600);
INSERT INTO classification_mr_res_record_multi_mr_aggregation (classified_mr_res_record_multi_id, parent_mr_aggregation_id, coll_id, mr_owner_entity_id, mr_full_classification_code, previous_mr_full_classification_code, is_public, mr_reclassification_date, mr_reclassification_reason, mr_reclassification_user_id, mr_classification_code, classification_mr_res_record_multi_mr_aggregation_id) VALUES (1282936538920, 1281529899, '0', 'Not yet implemented', '001/006', NULL, false, NULL, NULL, NULL, '006', 1282936538060);
INSERT INTO classification_mr_res_record_multi_mr_aggregation (classified_mr_res_record_multi_id, parent_mr_aggregation_id, coll_id, mr_owner_entity_id, mr_full_classification_code, previous_mr_full_classification_code, is_public, mr_reclassification_date, mr_reclassification_reason, mr_reclassification_user_id, mr_classification_code, classification_mr_res_record_multi_mr_aggregation_id) VALUES (1282936805960, 1281529899, '0', 'Not yet implemented', '001/007', NULL, false, NULL, NULL, NULL, '007', 1282936805240);
INSERT INTO classification_mr_res_record_multi_mr_aggregation (classified_mr_res_record_multi_id, parent_mr_aggregation_id, coll_id, mr_owner_entity_id, mr_full_classification_code, previous_mr_full_classification_code, is_public, mr_reclassification_date, mr_reclassification_reason, mr_reclassification_user_id, mr_classification_code, classification_mr_res_record_multi_mr_aggregation_id) VALUES (1282936882690, 1281529899, '0', 'Not yet implemented', 'CS001/003/001/008', NULL, false, NULL, NULL, NULL, '008', 1282936882760);
INSERT INTO classification_mr_res_record_multi_mr_aggregation (classified_mr_res_record_multi_id, parent_mr_aggregation_id, coll_id, mr_owner_entity_id, mr_full_classification_code, previous_mr_full_classification_code, is_public, mr_reclassification_date, mr_reclassification_reason, mr_reclassification_user_id, mr_classification_code, classification_mr_res_record_multi_mr_aggregation_id) VALUES (1282937808300, 1281529899, '0', 'Not yet implemented', 'CS001/003/001/009', NULL, false, NULL, NULL, NULL, '009', 1282937808060);

--- USERGROUPS
INSERT INTO usergroups (group_id, group_desc, administrator, custom_right1, custom_right2, custom_right3, custom_right4, enabled) VALUES ('CS001/003 et CS002', 'Deuxième accès, complémentaire de Test', 'N', 'N', 'N', 'N', 'N', 'Y');
INSERT INTO usergroups (group_id, group_desc, administrator, custom_right1, custom_right2, custom_right3, custom_right4, enabled) VALUES ('CS001/001/002 et CS003', 'Test niveaux d''accès différents', 'N', 'N', 'N', 'N', 'N', 'Y');

--- SECURITY
INSERT INTO security (group_id, coll_id, where_clause, maarch_comment, can_insert, can_update, can_delete, rights_bitmask, mr_start_date, mr_stop_date, where_target, security_id) VALUES ('CS001/003 et CS002', 'letterbox_coll', 'mr_full_classification_code like \\''CS001/003%\\'' or mr_full_classification_code like \\''CS001/001/001%\\'' or mr_full_classification_code like \\''CS002/%\\''', 'Accès complémentaire à Test', 'N', 'N', 'N', 255, NULL, NULL, 'ALL', 15);
INSERT INTO security (group_id, coll_id, where_clause, maarch_comment, can_insert, can_update, can_delete, rights_bitmask, mr_start_date, mr_stop_date, where_target, security_id) VALUES ('CS001/001/002 et CS003', 'letterbox_coll', 'mr_full_classification_code like \\''CS001/001/002/001%\\'' or mr_full_classification_code=\\''CS001/003\\'' or mr_full_classification_code like \\''CS001/004/002/002%\\'' or mr_full_classification_code like \\''CS003/%\\''', 'Niveaux différents', 'N', 'N', 'N', 255, NULL, NULL, 'ALL', 17);

--- USERGROUP_CONTENT
INSERT INTO usergroup_content (user_id, group_id, primary_group, role) VALUES ('bblier', 'CS001/001/002 et CS003', 'N', 'Coffee Manager');
INSERT INTO usergroup_content (user_id, group_id, primary_group, role) VALUES ('pparker', 'CS001/003 et CS002', 'Y', 'Coffee tester');


